CRAN Package Check Results for Package redland

Last updated on 2022-06-30 11:53:17 CEST.

Flavor Version Tinstall Tcheck Ttotal Status Flags
r-devel-linux-x86_64-debian-clang 1.0.17-16 12.98 74.12 87.10 OK
r-devel-linux-x86_64-debian-gcc 1.0.17-16 11.89 57.15 69.04 OK
r-devel-linux-x86_64-fedora-clang 1.0.17-16 116.89 OK
r-devel-linux-x86_64-fedora-gcc 1.0.17-16 117.83 OK
r-devel-windows-x86_64 1.0.17-16 26.00 145.00 171.00 OK
r-patched-linux-x86_64 1.0.17-16 16.45 68.41 84.86 OK
r-release-linux-x86_64 1.0.17-16 13.15 68.79 81.94 OK
r-release-macos-arm64 1.0.17-16 38.00 OK
r-release-macos-x86_64 1.0.17-16 50.00 OK
r-release-windows-x86_64 1.0.17-16 154.00 129.00 283.00 OK
r-oldrel-macos-arm64 1.0.17-16 36.00 NOTE
r-oldrel-macos-x86_64 1.0.17-16 50.00 OK
r-oldrel-windows-ix86+x86_64 1.0.17-16 36.00 138.00 174.00 NOTE

Check Details

Version: 1.0.17-16
Check: installed package size
Result: NOTE
     installed size is 7.7Mb
     sub-directories of 1Mb or more:
     libs 6.7Mb
Flavors: r-oldrel-macos-arm64, r-oldrel-windows-ix86+x86_64