Last updated on 2023-06-06 01:03:37 CEST.
Flavor | Version | Tinstall | Tcheck | Ttotal | Status | Flags |
---|---|---|---|---|---|---|
r-devel-linux-x86_64-debian-clang | 1.0 | 13.26 | 490.06 | 503.32 | NOTE | |
r-devel-linux-x86_64-debian-gcc | 1.0 | 10.16 | 375.10 | 385.26 | NOTE | |
r-devel-linux-x86_64-fedora-clang | 1.0 | 613.70 | NOTE | |||
r-devel-linux-x86_64-fedora-gcc | 1.0 | 596.89 | NOTE | |||
r-devel-windows-x86_64 | 1.0 | 15.00 | 354.00 | 369.00 | NOTE | |
r-patched-linux-x86_64 | 1.0 | 11.79 | 477.33 | 489.12 | NOTE | |
r-release-linux-x86_64 | 1.0 | 9.81 | 474.99 | 484.80 | NOTE | |
r-release-macos-arm64 | 1.0 | 196.00 | NOTE | |||
r-release-macos-x86_64 | 1.0 | 333.00 | NOTE | |||
r-release-windows-x86_64 | 1.0 | 17.00 | 453.00 | 470.00 | NOTE | |
r-oldrel-macos-arm64 | 1.0 | 215.00 | NOTE | |||
r-oldrel-macos-x86_64 | 1.0 | 311.00 | NOTE | |||
r-oldrel-windows-x86_64 | 1.0 | 16.00 | 479.00 | 495.00 | NOTE |
Version: 1.0
Check: LazyData
Result: NOTE
'LazyData' is specified without a 'data' directory
Flavors: r-devel-linux-x86_64-debian-clang, r-devel-linux-x86_64-debian-gcc, r-devel-linux-x86_64-fedora-clang, r-devel-linux-x86_64-fedora-gcc, r-devel-windows-x86_64, r-patched-linux-x86_64, r-release-linux-x86_64, r-release-macos-arm64, r-release-macos-x86_64, r-release-windows-x86_64, r-oldrel-macos-arm64, r-oldrel-macos-x86_64, r-oldrel-windows-x86_64
Version: 1.0
Check: dependencies in R code
Result: NOTE
Namespace in Imports field not imported from: ‘Rdpack’
All declared Imports should be used.
Flavors: r-devel-linux-x86_64-fedora-clang, r-devel-linux-x86_64-fedora-gcc, r-oldrel-macos-arm64, r-oldrel-macos-x86_64