Last updated on 2024-04-19 11:56:58 CEST.
Flavor | Version | Tinstall | Tcheck | Ttotal | Status | Flags |
---|---|---|---|---|---|---|
r-devel-linux-x86_64-debian-clang | 0.3.3 | 4.80 | 47.41 | 52.21 | NOTE | |
r-devel-linux-x86_64-debian-gcc | 0.3.3 | NOTE | ||||
r-devel-linux-x86_64-fedora-clang | 0.3.3 | 65.75 | NOTE | |||
r-devel-linux-x86_64-fedora-gcc | 0.3.3 | 73.99 | NOTE | |||
r-prerel-macos-arm64 | 0.3.3 | 30.00 | NOTE | |||
r-prerel-windows-x86_64 | 0.3.3 | 6.00 | 56.00 | 62.00 | NOTE | |
r-patched-linux-x86_64 | 0.3.3 | 3.84 | 45.71 | 49.55 | NOTE | |
r-release-linux-x86_64 | 0.3.3 | 5.44 | 44.60 | 50.04 | NOTE | |
r-release-macos-arm64 | 0.3.3 | 28.00 | NOTE | |||
r-release-macos-x86_64 | 0.3.3 | 43.00 | NOTE | |||
r-release-windows-x86_64 | 0.3.3 | 7.00 | 60.00 | 67.00 | NOTE | |
r-oldrel-macos-arm64 | 0.3.3 | 24.00 | NOTE | |||
r-oldrel-windows-x86_64 | 0.3.3 | 7.00 | 64.00 | 71.00 | NOTE |
Version: 0.3.3
Check: LazyData
Result: NOTE
'LazyData' is specified without a 'data' directory
Flavors: r-devel-linux-x86_64-debian-clang, r-devel-linux-x86_64-debian-gcc, r-devel-linux-x86_64-fedora-clang, r-devel-linux-x86_64-fedora-gcc, r-prerel-macos-arm64, r-prerel-windows-x86_64, r-patched-linux-x86_64, r-release-linux-x86_64, r-release-macos-arm64, r-release-macos-x86_64, r-release-windows-x86_64, r-oldrel-macos-arm64, r-oldrel-windows-x86_64