CRAN Package Check Results for Package regexTestR

Last updated on 2022-01-18 05:50:25 CET.

Flavor Version Tinstall Tcheck Ttotal Status Flags
r-devel-linux-x86_64-debian-clang 0.1.3 9.40 80.65 90.05 OK
r-devel-linux-x86_64-debian-gcc 0.1.3 7.03 58.44 65.47 OK
r-devel-linux-x86_64-fedora-clang 0.1.3 104.85 NOTE
r-devel-linux-x86_64-fedora-gcc 0.1.3 93.93 NOTE
r-devel-windows-x86_64-new-UL 0.1.3 36.00 94.00 130.00 OK
r-devel-windows-x86_64-new-TK 0.1.3 NOTE
r-patched-linux-x86_64 0.1.3 8.77 75.17 83.94 OK
r-release-linux-x86_64 0.1.3 OK
r-release-macos-arm64 0.1.3 NOTE
r-release-macos-x86_64 0.1.3 NOTE
r-release-windows-ix86+x86_64 0.1.3 21.00 90.00 111.00 OK
r-oldrel-macos-x86_64 0.1.0 NOTE
r-oldrel-windows-ix86+x86_64 0.1.3 21.00 89.00 110.00 OK

Check Details

Version: 0.1.3
Check: dependencies in R code
Result: NOTE
    Namespaces in Imports field not imported from:
     ‘pkgload’ ‘processx’
     All declared Imports should be used.
Flavors: r-devel-linux-x86_64-fedora-clang, r-devel-linux-x86_64-fedora-gcc, r-devel-windows-x86_64-new-TK, r-release-macos-arm64, r-release-macos-x86_64

Version: 0.1.0
Check: dependencies in R code
Result: NOTE
    Namespaces in Imports field not imported from:
     ‘pkgload’ ‘processx’
     All declared Imports should be used.
Flavor: r-oldrel-macos-x86_64