Last updated on 2024-08-16 11:49:49 CEST.
Flavor | Version | Tinstall | Tcheck | Ttotal | Status | Flags |
---|---|---|---|---|---|---|
r-devel-linux-x86_64-debian-clang | 1.0.1 | 104.90 | 47.14 | 152.04 | OK | |
r-devel-linux-x86_64-debian-gcc | 1.0.1 | 69.70 | 34.45 | 104.15 | OK | |
r-devel-linux-x86_64-fedora-clang | 1.0.1 | 300.87 | OK | |||
r-devel-linux-x86_64-fedora-gcc | 1.0.1 | 295.72 | OK | |||
r-devel-windows-x86_64 | 1.0.1 | 111.00 | 92.00 | 203.00 | OK | |
r-patched-linux-x86_64 | 1.0.1 | 98.19 | 44.52 | 142.71 | OK | |
r-release-linux-x86_64 | 1.0.1 | 95.39 | 45.15 | 140.54 | OK | |
r-release-macos-arm64 | 1.0.1 | 77.00 | NOTE | |||
r-release-macos-x86_64 | 1.0.1 | 65.00 | NOTE | |||
r-release-windows-x86_64 | 1.0.1 | 111.00 | 87.00 | 198.00 | OK | |
r-oldrel-macos-arm64 | 1.0.1 | 68.00 | NOTE | |||
r-oldrel-macos-x86_64 | 1.0.1 | 98.00 | NOTE | |||
r-oldrel-windows-x86_64 | 1.0.1 | 129.00 | 102.00 | 231.00 | OK |
Version: 1.0.1
Check: installed package size
Result: NOTE
installed size is 7.3Mb
sub-directories of 1Mb or more:
data 2.4Mb
libs 4.8Mb
Flavors: r-release-macos-arm64, r-release-macos-x86_64, r-oldrel-macos-arm64, r-oldrel-macos-x86_64