CRAN Package Check Results for Package regressoR

Last updated on 2019-10-10 05:47:46 CEST.

Flavor Version Tinstall Tcheck Ttotal Status Flags
r-devel-linux-x86_64-debian-clang 1.1.8 6.80 50.11 56.91 OK
r-devel-linux-x86_64-debian-gcc 1.1.8 5.61 38.11 43.72 OK
r-devel-linux-x86_64-fedora-clang 1.1.8 67.07 NOTE
r-devel-linux-x86_64-fedora-gcc 1.1.8 65.19 NOTE
r-devel-windows-ix86+x86_64 1.1.8 20.00 89.00 109.00 OK
r-patched-linux-x86_64 1.1.8 5.85 47.92 53.77 OK
r-patched-solaris-x86 1.1.8 99.20 NOTE
r-release-linux-x86_64 1.1.8 7.02 47.93 54.95 OK
r-release-windows-ix86+x86_64 1.1.8 25.00 117.00 142.00 OK
r-release-osx-x86_64 1.1.8 NOTE
r-oldrel-windows-ix86+x86_64 1.1.8 7.00 71.00 78.00 OK
r-oldrel-osx-x86_64 1.1.8 NOTE

Check Details

Version: 1.1.8
Check: dependencies in R code
Result: NOTE
    Namespaces in Imports field not imported from:
     ‘ROCR’ ‘colourpicker’ ‘corrplot’ ‘e1071’ ‘flexdashboard’ ‘gbm’
     ‘glmnet’ ‘kknn’ ‘neuralnet’ ‘rattle’ ‘rpart’ ‘shinyWidgets’
     ‘shinydashboardPlus’ ‘shinyjs’ ‘xgboost’ ‘zip’
     All declared Imports should be used.
Flavors: r-devel-linux-x86_64-fedora-clang, r-devel-linux-x86_64-fedora-gcc, r-patched-solaris-x86, r-release-osx-x86_64, r-oldrel-osx-x86_64