Last updated on 2022-06-30 17:49:54 CEST.
Flavor | Version | Tinstall | Tcheck | Ttotal | Status | Flags |
---|---|---|---|---|---|---|
r-devel-linux-x86_64-debian-clang | 2.1.2 | 4.02 | 40.77 | 44.79 | NOTE | |
r-devel-linux-x86_64-debian-gcc | 2.1.2 | 3.66 | 31.15 | 34.81 | NOTE | |
r-devel-linux-x86_64-fedora-clang | 2.1.2 | 65.69 | NOTE | |||
r-devel-linux-x86_64-fedora-gcc | 2.1.2 | 65.16 | NOTE | |||
r-devel-windows-x86_64 | 2.1.2 | 17.00 | 63.00 | 80.00 | NOTE | |
r-patched-linux-x86_64 | 2.1.2 | 3.24 | 39.13 | 42.37 | NOTE | |
r-release-linux-x86_64 | 2.1.2 | 2.77 | 38.62 | 41.39 | NOTE | |
r-release-macos-arm64 | 2.1.2 | 19.00 | NOTE | |||
r-release-macos-x86_64 | 2.1.2 | 32.00 | NOTE | |||
r-release-windows-x86_64 | 2.1.2 | 18.00 | 62.00 | 80.00 | NOTE | |
r-oldrel-macos-arm64 | 2.1.2 | 25.00 | NOTE | |||
r-oldrel-macos-x86_64 | 2.1.2 | 35.00 | NOTE | |||
r-oldrel-windows-ix86+x86_64 | 2.1.2 | 10.00 | 58.00 | 68.00 | NOTE |
Version: 2.1.2
Check: LazyData
Result: NOTE
'LazyData' is specified without a 'data' directory
Flavors: r-devel-linux-x86_64-debian-clang, r-devel-linux-x86_64-debian-gcc, r-devel-linux-x86_64-fedora-clang, r-devel-linux-x86_64-fedora-gcc, r-devel-windows-x86_64, r-patched-linux-x86_64, r-release-linux-x86_64, r-release-macos-arm64, r-release-macos-x86_64, r-release-windows-x86_64, r-oldrel-macos-arm64, r-oldrel-macos-x86_64, r-oldrel-windows-ix86+x86_64
Version: 2.1.2
Check: Rd cross-references
Result: NOTE
Undeclared package ‘magrittr’ in Rd xrefs
Flavor: r-devel-linux-x86_64-fedora-clang