CRAN Package Check Results for Package remedy

Last updated on 2022-08-20 00:52:10 CEST.

Flavor Version Tinstall Tcheck Ttotal Status Flags
r-devel-linux-x86_64-debian-clang 0.1.0 5.76 49.58 55.34 NOTE
r-devel-linux-x86_64-debian-gcc 0.1.0 2.79 37.28 40.07 NOTE
r-devel-linux-x86_64-fedora-clang 0.1.0 77.13 NOTE
r-devel-linux-x86_64-fedora-gcc 0.1.0 73.45 NOTE
r-devel-windows-x86_64 0.1.0 19.00 83.00 102.00 NOTE
r-patched-linux-x86_64 0.1.0 5.20 46.73 51.93 NOTE
r-release-linux-x86_64 0.1.0 NOTE
r-release-macos-arm64 0.1.0 23.00 NOTE
r-release-macos-x86_64 0.1.0 36.00 NOTE
r-release-windows-x86_64 0.1.0 25.00 78.00 103.00 NOTE
r-oldrel-macos-arm64 0.1.0 28.00 NOTE
r-oldrel-macos-x86_64 0.1.0 40.00 NOTE
r-oldrel-windows-ix86+x86_64 0.1.0 11.00 73.00 84.00 NOTE

Check Details

Version: 0.1.0
Check: LazyData
Result: NOTE
     'LazyData' is specified without a 'data' directory
Flavors: r-devel-linux-x86_64-debian-clang, r-devel-linux-x86_64-debian-gcc, r-devel-linux-x86_64-fedora-clang, r-devel-linux-x86_64-fedora-gcc, r-devel-windows-x86_64, r-patched-linux-x86_64, r-release-linux-x86_64, r-release-macos-arm64, r-release-macos-x86_64, r-release-windows-x86_64, r-oldrel-macos-arm64, r-oldrel-macos-x86_64, r-oldrel-windows-ix86+x86_64