Last updated on 2024-08-16 11:49:49 CEST.
Flavor | Version | Tinstall | Tcheck | Ttotal | Status | Flags |
---|---|---|---|---|---|---|
r-devel-linux-x86_64-debian-clang | 1.0.2 | 15.86 | 159.87 | 175.73 | OK | |
r-devel-linux-x86_64-debian-gcc | 1.0.2 | 11.69 | 109.12 | 120.81 | OK | |
r-devel-linux-x86_64-fedora-clang | 1.0.2 | 281.67 | OK | |||
r-devel-linux-x86_64-fedora-gcc | 1.0.2 | 277.08 | OK | |||
r-devel-windows-x86_64 | 1.0.2 | 16.00 | 158.00 | 174.00 | OK | |
r-patched-linux-x86_64 | 1.0.2 | 15.39 | 151.20 | 166.59 | OK | |
r-release-linux-x86_64 | 1.0.2 | 16.19 | 155.01 | 171.20 | OK | |
r-release-macos-arm64 | 1.0.2 | 73.00 | OK | |||
r-release-macos-x86_64 | 1.0.2 | 124.00 | OK | |||
r-release-windows-x86_64 | 1.0.2 | 17.00 | 157.00 | 174.00 | OK | |
r-oldrel-macos-arm64 | 1.0.2 | 89.00 | OK | |||
r-oldrel-macos-x86_64 | 1.0.2 | 129.00 | NOTE | |||
r-oldrel-windows-x86_64 | 1.0.2 | 22.00 | 190.00 | 212.00 | OK |
Version: 1.0.2
Check: package dependencies
Result: NOTE
Package suggested but not available for checking: ‘ggpubr’
Flavor: r-oldrel-macos-x86_64