CRAN Package Check Results for Package remstats

Last updated on 2024-04-18 06:09:58 CEST.

Flavor Version Tinstall Tcheck Ttotal Status Flags
r-devel-linux-x86_64-debian-clang 3.2.1 92.24 63.24 155.48 OK
r-devel-linux-x86_64-debian-gcc 3.2.1 74.62 47.71 122.33 OK
r-devel-linux-x86_64-fedora-clang 3.2.1 221.11 OK
r-devel-linux-x86_64-fedora-gcc 3.2.1 241.57 OK
r-prerel-macos-arm64 3.2.1 60.00 NOTE
r-prerel-windows-x86_64 3.2.1 69.00 106.00 175.00 OK
r-patched-linux-x86_64 3.2.1 92.75 60.40 153.15 OK
r-release-linux-x86_64 3.2.1 85.79 59.89 145.68 OK
r-release-macos-arm64 3.2.1 64.00 NOTE
r-release-macos-x86_64 3.2.1 128.00 NOTE
r-release-windows-x86_64 3.2.1 90.00 115.00 205.00 OK
r-oldrel-macos-arm64 3.2.1 58.00 NOTE
r-oldrel-windows-x86_64 3.2.1 87.00 98.00 185.00 OK

Check Details

Version: 3.2.1
Check: installed package size
Result: NOTE installed size is 7.1Mb sub-directories of 1Mb or more: libs 6.5Mb Flavors: r-prerel-macos-arm64, r-release-macos-arm64, r-release-macos-x86_64, r-oldrel-macos-arm64