Last updated on 2024-08-16 11:49:49 CEST.
Flavor | Version | Tinstall | Tcheck | Ttotal | Status | Flags |
---|---|---|---|---|---|---|
r-devel-linux-x86_64-debian-clang | 0.5.9 | 11.55 | 94.97 | 106.52 | OK | |
r-devel-linux-x86_64-debian-gcc | 0.5.9 | 6.75 | 65.35 | 72.10 | OK | |
r-devel-linux-x86_64-fedora-clang | 0.5.9 | 173.34 | OK | |||
r-devel-linux-x86_64-fedora-gcc | 0.5.9 | 183.20 | OK | |||
r-devel-windows-x86_64 | 0.5.9 | 13.00 | 370.00 | 383.00 | OK | |
r-patched-linux-x86_64 | 0.5.9 | 11.07 | 90.00 | 101.07 | OK | |
r-release-linux-x86_64 | 0.5.9 | 11.20 | 89.82 | 101.02 | OK | |
r-release-macos-arm64 | 0.5.9 | 66.00 | OK | |||
r-release-macos-x86_64 | 0.5.9 | 168.00 | OK | |||
r-release-windows-x86_64 | 0.5.9 | 12.00 | 372.00 | 384.00 | OK | |
r-oldrel-macos-arm64 | 0.5.9 | 11.00 | ERROR | |||
r-oldrel-macos-x86_64 | 0.5.9 | 11.00 | ERROR | |||
r-oldrel-windows-x86_64 | 0.5.9 | 16.00 | 464.00 | 480.00 | OK |
Version: 0.5.9
Check: package dependencies
Result: ERROR
Package required and available but unsuitable version: ‘datawizard’
See section ‘The DESCRIPTION file’ in the ‘Writing R Extensions’
manual.
Flavors: r-oldrel-macos-arm64, r-oldrel-macos-x86_64