CRAN Package Check Results for Package reproducible

Last updated on 2022-05-17 00:51:19 CEST.

Flavor Version Tinstall Tcheck Ttotal Status Flags
r-devel-linux-x86_64-debian-clang 1.2.8 43.40 515.39 558.79 NOTE
r-devel-linux-x86_64-debian-gcc 1.2.8 34.07 388.33 422.40 NOTE
r-devel-linux-x86_64-fedora-clang 1.2.8 659.64 NOTE
r-devel-linux-x86_64-fedora-gcc 1.2.8 636.85 NOTE
r-devel-windows-x86_64 1.2.8 242.00 510.00 752.00 OK
r-patched-linux-x86_64 1.2.8 51.48 479.66 531.14 NOTE
r-release-linux-x86_64 1.2.8 34.84 493.80 528.64 NOTE
r-release-macos-arm64 1.2.8 173.00 OK
r-release-macos-x86_64 1.2.8 231.00 OK
r-release-windows-x86_64 1.2.8 274.00 531.00 805.00 ERROR
r-oldrel-macos-arm64 1.2.8 112.00 OK
r-oldrel-macos-x86_64 1.2.8 161.00 OK
r-oldrel-windows-ix86+x86_64 1.2.8 91.00 526.00 617.00 OK

Check Details

Version: 1.2.8
Check: package dependencies
Result: NOTE
    Package suggested but not available for checking: 'gdalUtils'
Flavors: r-devel-linux-x86_64-debian-clang, r-devel-linux-x86_64-debian-gcc, r-devel-linux-x86_64-fedora-clang, r-devel-linux-x86_64-fedora-gcc, r-patched-linux-x86_64, r-release-linux-x86_64

Version: 1.2.8
Check: tests
Result: ERROR
     Running 'test-all.R' [148s]
    Running the tests in 'tests/test-all.R' failed.
    Complete output:
     > library(testthat)
     > test_check("reproducible")
     Loading required package: reproducible
     Writing layer `file8b88683b5106' to data source
     `D:/temp/RtmpOWYbGA/raster/file8b88683b5106.shp' using driver `ESRI Shapefile'
     Writing 3 features with 2 fields and geometry type Polygon.
     adding: temp/RtmpOWYbGA/Require/tEV3Wr/jaqXoHv.tif (stored 0%)
     adding: temp/RtmpOWYbGA/Require/tEV3Wr/pO1OF3Y.grd (stored 0%)
     ERROR: D:\temp\RtmpOWYbGA\Require\tEV3Wr\testCache\cache.db
     Cannot open the file as archive
    
     [ FAIL 1 | WARN 0 | SKIP 77 | PASS 440 ]
    
     ══ Skipped tests ═══════════════════════════════════════════════════════════════
     • No Drive token (6)
     • On CRAN (61)
     • Temporary pipe for magrittr 2.0 (1)
     • empty test (7)
     • isInteractive() is not TRUE (1)
     • test cloudCache inside Cache -- Not fully written test (1)
    
     ══ Failed tests ════════════════════════════════════════════════════════════════
     ── Failure (test-cache.R:164:7): test file-backed raster caching ───────────────
     b1[1] > b2[1] is not TRUE
    
     `actual`: FALSE
     `expected`: TRUE
    
     [ FAIL 1 | WARN 0 | SKIP 77 | PASS 440 ]
     Error: Test failures
     Execution halted
Flavor: r-release-windows-x86_64