CRAN Package Check Results for Package reproj

Last updated on 2022-06-30 11:53:17 CEST.

Flavor Version Tinstall Tcheck Ttotal Status Flags
r-devel-linux-x86_64-debian-clang 0.4.2 2.43 26.08 28.51 NOTE
r-devel-linux-x86_64-debian-gcc 0.4.2 1.82 19.84 21.66 NOTE
r-devel-linux-x86_64-fedora-clang 0.4.2 44.17 NOTE
r-devel-linux-x86_64-fedora-gcc 0.4.2 43.75 NOTE
r-devel-windows-x86_64 0.4.2 11.00 49.00 60.00 NOTE
r-patched-linux-x86_64 0.4.2 2.40 24.79 27.19 NOTE
r-release-linux-x86_64 0.4.2 2.33 25.09 27.42 NOTE
r-release-macos-arm64 0.4.2 17.00 NOTE
r-release-macos-x86_64 0.4.2 21.00 NOTE
r-release-windows-x86_64 0.4.2 10.00 50.00 60.00 NOTE
r-oldrel-macos-arm64 0.4.2 22.00 NOTE
r-oldrel-macos-x86_64 0.4.2 27.00 NOTE
r-oldrel-windows-ix86+x86_64 0.4.2 5.00 46.00 51.00 NOTE

Check Details

Version: 0.4.2
Check: LazyData
Result: NOTE
     'LazyData' is specified without a 'data' directory
Flavors: r-devel-linux-x86_64-debian-clang, r-devel-linux-x86_64-debian-gcc, r-devel-linux-x86_64-fedora-clang, r-devel-linux-x86_64-fedora-gcc, r-devel-windows-x86_64, r-patched-linux-x86_64, r-release-linux-x86_64, r-release-macos-arm64, r-release-macos-x86_64, r-release-windows-x86_64, r-oldrel-macos-arm64, r-oldrel-macos-x86_64, r-oldrel-windows-ix86+x86_64