CRAN Package Check Results for Package repurrrsive

Last updated on 2019-10-22 17:49:31 CEST.

Flavor Version Tinstall Tcheck Ttotal Status Flags
r-devel-linux-x86_64-debian-clang 1.0.0 2.94 32.66 35.60 OK
r-devel-linux-x86_64-debian-gcc 1.0.0 2.44 26.29 28.73 OK
r-devel-linux-x86_64-fedora-clang 1.0.0 43.36 NOTE
r-devel-linux-x86_64-fedora-gcc 1.0.0 42.32 NOTE
r-devel-windows-ix86+x86_64 1.0.0 7.00 71.00 78.00 OK
r-patched-linux-x86_64 1.0.0 2.58 32.20 34.78 OK
r-patched-solaris-x86 1.0.0 65.50 NOTE
r-release-linux-x86_64 1.0.0 2.51 33.20 35.71 OK
r-release-windows-ix86+x86_64 1.0.0 8.00 47.00 55.00 OK
r-release-osx-x86_64 1.0.0 NOTE
r-oldrel-windows-ix86+x86_64 1.0.0 5.00 65.00 70.00 OK
r-oldrel-osx-x86_64 1.0.0 NOTE

Check Details

Version: 1.0.0
Check: data for non-ASCII characters
Result: NOTE
     Note: found 25 marked UTF-8 strings
Flavors: r-devel-linux-x86_64-fedora-clang, r-devel-linux-x86_64-fedora-gcc, r-patched-solaris-x86, r-release-osx-x86_64, r-oldrel-osx-x86_64