Last updated on 2023-04-01 11:51:39 CEST.
Flavor | Version | Tinstall | Tcheck | Ttotal | Status | Flags |
---|---|---|---|---|---|---|
r-devel-linux-x86_64-debian-clang | 0.1.0 | 3.34 | 27.24 | 30.58 | OK | |
r-devel-linux-x86_64-debian-gcc | 0.1.0 | 2.92 | 21.31 | 24.23 | OK | |
r-devel-linux-x86_64-fedora-clang | 0.1.0 | 38.91 | OK | |||
r-devel-linux-x86_64-fedora-gcc | 0.1.0 | 36.88 | OK | |||
r-patched-linux-x86_64 | 0.1.0 | 4.47 | 27.31 | 31.78 | OK | |
r-release-linux-x86_64 | 0.1.0 | 3.95 | 28.60 | 32.55 | OK | |
r-release-macos-arm64 | 0.1.0 | 17.00 | OK | |||
r-release-macos-x86_64 | 0.1.0 | 23.00 | OK | |||
r-release-windows-x86_64 | 0.1.0 | 30.00 | 63.00 | 93.00 | OK | |
r-oldrel-macos-arm64 | 0.1.0 | 22.00 | OK | |||
r-oldrel-macos-x86_64 | 0.1.0 | 30.00 | OK | |||
r-oldrel-windows-ix86+x86_64 | 0.1.0 | 7.00 | 53.00 | 60.00 | NOTE |
Version: 0.1.0
Check: R code for possible problems
Result: NOTE
Initiating curl with CURL_SSL_BACKEND: openssl
Flavor: r-oldrel-windows-ix86+x86_64