CRAN Package Check Results for Package rerddap

Last updated on 2019-07-16 05:48:29 CEST.

Flavor Version Tinstall Tcheck Ttotal Status Flags
r-devel-linux-x86_64-debian-clang 0.6.4 6.00 71.41 77.41 ERROR
r-devel-linux-x86_64-debian-gcc 0.6.4 5.84 56.88 62.72 ERROR
r-devel-linux-x86_64-fedora-clang 0.6.4 88.06 ERROR
r-devel-linux-x86_64-fedora-gcc 0.6.4 82.68 ERROR
r-devel-windows-ix86+x86_64 0.6.4 21.00 163.00 184.00 ERROR
r-patched-linux-x86_64 0.6.4 5.14 68.12 73.26 ERROR
r-patched-solaris-x86 0.6.4 142.10 OK
r-release-linux-x86_64 0.6.4 6.38 71.66 78.04 ERROR
r-release-windows-ix86+x86_64 0.6.4 12.00 199.00 211.00 ERROR
r-release-osx-x86_64 0.6.4 OK
r-oldrel-windows-ix86+x86_64 0.6.4 12.00 192.00 204.00 ERROR
r-oldrel-osx-x86_64 0.6.4 OK

Check Details

Version: 0.6.4
Check: tests
Result: ERROR
     Running 'test-all.R' [26s/103s]
    Running the tests in 'tests/test-all.R' failed.
    Complete output:
     > library("testthat")
     > library("rerddap")
     >
     > #Sys.setenv(RERDDAP_CACHE_PATH_SUFFIX = "rerddap")
     > cache_setup(temp_dir = TRUE)
     [1] "/tmp/Rtmp7mrTVv/R/rerddap"
     >
     > test_check("rerddap")
     -- 1. Failure: convert_units works (@test-convert_units.R#25) -----------------
     convert_units("gggg") not equal to "gggg".
     1/1 mismatches
     x[1]: "{gggg}"
     y[1]: "gggg"
    
     == testthat results ===========================================================
     OK: 67 SKIPPED: 16 WARNINGS: 0 FAILED: 1
     1. Failure: convert_units works (@test-convert_units.R#25)
    
     Error: testthat unit tests failed
     Execution halted
Flavor: r-devel-linux-x86_64-debian-clang

Version: 0.6.4
Check: tests
Result: ERROR
     Running ‘test-all.R’ [21s/107s]
    Running the tests in ‘tests/test-all.R’ failed.
    Complete output:
     > library("testthat")
     > library("rerddap")
     >
     > #Sys.setenv(RERDDAP_CACHE_PATH_SUFFIX = "rerddap")
     > cache_setup(temp_dir = TRUE)
     [1] "/home/hornik/tmp/scratch/RtmpX0bDUN/R/rerddap"
     >
     > test_check("rerddap")
     ── 1. Failure: convert_units works (@test-convert_units.R#25) ─────────────────
     convert_units("gggg") not equal to "gggg".
     1/1 mismatches
     x[1]: "{gggg}"
     y[1]: "gggg"
    
     ══ testthat results ═══════════════════════════════════════════════════════════
     OK: 67 SKIPPED: 16 WARNINGS: 0 FAILED: 1
     1. Failure: convert_units works (@test-convert_units.R#25)
    
     Error: testthat unit tests failed
     Execution halted
Flavor: r-devel-linux-x86_64-debian-gcc

Version: 0.6.4
Check: tests
Result: ERROR
     Running ‘test-all.R’ [28s/100s]
    Running the tests in ‘tests/test-all.R’ failed.
    Complete output:
     > library("testthat")
     > library("rerddap")
     >
     > #Sys.setenv(RERDDAP_CACHE_PATH_SUFFIX = "rerddap")
     > cache_setup(temp_dir = TRUE)
     [1] "/tmp/RtmpoTJXEB/R/rerddap"
     >
     > test_check("rerddap")
     ── 1. Failure: convert_units works (@test-convert_units.R#25) ─────────────────
     convert_units("gggg") not equal to "gggg".
     1/1 mismatches
     x[1]: "{gggg}"
     y[1]: "gggg"
    
     ══ testthat results ═══════════════════════════════════════════════════════════
     OK: 67 SKIPPED: 16 WARNINGS: 0 FAILED: 1
     1. Failure: convert_units works (@test-convert_units.R#25)
    
     Error: testthat unit tests failed
     Execution halted
Flavor: r-devel-linux-x86_64-fedora-clang

Version: 0.6.4
Check: tests
Result: ERROR
     Running ‘test-all.R’ [25s/93s]
    Running the tests in ‘tests/test-all.R’ failed.
    Complete output:
     > library("testthat")
     > library("rerddap")
     >
     > #Sys.setenv(RERDDAP_CACHE_PATH_SUFFIX = "rerddap")
     > cache_setup(temp_dir = TRUE)
     [1] "/tmp/RtmpRG1jbj/R/rerddap"
     >
     > test_check("rerddap")
     ── 1. Failure: convert_units works (@test-convert_units.R#25) ─────────────────
     convert_units("gggg") not equal to "gggg".
     1/1 mismatches
     x[1]: "{gggg}"
     y[1]: "gggg"
    
     ══ testthat results ═══════════════════════════════════════════════════════════
     OK: 67 SKIPPED: 16 WARNINGS: 0 FAILED: 1
     1. Failure: convert_units works (@test-convert_units.R#25)
    
     Error: testthat unit tests failed
     Execution halted
Flavor: r-devel-linux-x86_64-fedora-gcc

Version: 0.6.4
Check: tests
Result: ERROR
     Running 'test-all.R' [101s]
    Running the tests in 'tests/test-all.R' failed.
    Complete output:
     > library("testthat")
     > library("rerddap")
     >
     > #Sys.setenv(RERDDAP_CACHE_PATH_SUFFIX = "rerddap")
     > cache_setup(temp_dir = TRUE)
     [1] "D:\\temp\\RtmpmkK2pP/R/rerddap"
     >
     > test_check("rerddap")
     -- 1. Failure: convert_units works (@test-convert_units.R#25) -----------------
     convert_units("gggg") not equal to "gggg".
     1/1 mismatches
     x[1]: "{gggg}"
     y[1]: "gggg"
    
     == testthat results ===========================================================
     OK: 67 SKIPPED: 16 WARNINGS: 0 FAILED: 1
     1. Failure: convert_units works (@test-convert_units.R#25)
    
     Error: testthat unit tests failed
     Execution halted
Flavor: r-devel-windows-ix86+x86_64

Version: 0.6.4
Check: tests
Result: ERROR
     Running ‘test-all.R’ [24s/520s]
    Running the tests in ‘tests/test-all.R’ failed.
    Complete output:
     > library("testthat")
     > library("rerddap")
     >
     > #Sys.setenv(RERDDAP_CACHE_PATH_SUFFIX = "rerddap")
     > cache_setup(temp_dir = TRUE)
     [1] "/tmp/Rtmp2PZByR/R/rerddap"
     >
     > test_check("rerddap")
     ── 1. Failure: convert_units works (@test-convert_units.R#25) ─────────────────
     convert_units("gggg") not equal to "gggg".
     1/1 mismatches
     x[1]: "{gggg}"
     y[1]: "gggg"
    
     ── 2. Error: tabledap returns the correct stuff (@test-tabledap.R#4) ──────────
    
     1: vcr::use_cassette("tabledap_memory", {
     a <- tabledap("erdCinpKfmBT", store = memory())
     b <- tabledap("erdCinpKfmBT", "time>=2007-06-24", "time<=2007-07-01", store = memory())
     }) at testthat/test-tabledap.R:4
     2: cassette$call_block(...)
     3: lazyeval::lazy_eval(tmp)
     4: lapply(x, lazy_eval, data = data)
     5: FUN(X[[i]], ...)
     6: eval(x$expr, x$env, emptyenv())
     7: eval(x$expr, x$env, emptyenv())
     8: tabledap("erdCinpKfmBT", store = memory()) at testthat/test-tabledap.R:5
     9: erd_tab_GET(url, dset = attr(x, "datasetid"), store, callopts)
     10: err_handle(res, store, key)
     11: stop(paste0(mssg, collapse = "\n\n"), call. = FALSE)
    
     ── 3. Failure: tabledap fails well on common mistakes (@test-tabledap.R#70) ───
     `tabledap("erdCinpKfmBT", fields = "bbbbb", store = memory())` threw an error with unexpected message.
     Expected match: "Unrecognized variable"
     Actual message: ""
    
     ── 4. Failure: tabledap fails well on common mistakes (@test-tabledap.R#70) ───
     `tabledap("erdCinpKfmBT", orderby = "things", store = memory())` threw an error with unexpected message.
     Expected match: "'orderBy' variable=things isn't in the dataset"
     Actual message: ""
    
     ══ testthat results ═══════════════════════════════════════════════════════════
     OK: 55 SKIPPED: 16 WARNINGS: 0 FAILED: 4
     1. Failure: convert_units works (@test-convert_units.R#25)
     2. Error: tabledap returns the correct stuff (@test-tabledap.R#4)
     3. Failure: tabledap fails well on common mistakes (@test-tabledap.R#70)
     4. Failure: tabledap fails well on common mistakes (@test-tabledap.R#70)
    
     Error: testthat unit tests failed
     Execution halted
Flavor: r-patched-linux-x86_64

Version: 0.6.4
Check: tests
Result: ERROR
     Running ‘test-all.R’ [27s/104s]
    Running the tests in ‘tests/test-all.R’ failed.
    Complete output:
     > library("testthat")
     > library("rerddap")
     >
     > #Sys.setenv(RERDDAP_CACHE_PATH_SUFFIX = "rerddap")
     > cache_setup(temp_dir = TRUE)
     [1] "/tmp/RtmpZcOVLD/R/rerddap"
     >
     > test_check("rerddap")
     ── 1. Failure: convert_units works (@test-convert_units.R#25) ─────────────────
     convert_units("gggg") not equal to "gggg".
     1/1 mismatches
     x[1]: "{gggg}"
     y[1]: "gggg"
    
     ══ testthat results ═══════════════════════════════════════════════════════════
     OK: 67 SKIPPED: 16 WARNINGS: 0 FAILED: 1
     1. Failure: convert_units works (@test-convert_units.R#25)
    
     Error: testthat unit tests failed
     Execution halted
Flavor: r-release-linux-x86_64

Version: 0.6.4
Check: tests
Result: ERROR
     Running 'test-all.R' [107s]
    Running the tests in 'tests/test-all.R' failed.
    Complete output:
     > library("testthat")
     > library("rerddap")
     >
     > #Sys.setenv(RERDDAP_CACHE_PATH_SUFFIX = "rerddap")
     > cache_setup(temp_dir = TRUE)
     [1] "D:\\temp\\Rtmpm4Kdeq/R/rerddap"
     >
     > test_check("rerddap")
     -- 1. Failure: convert_units works (@test-convert_units.R#25) -----------------
     convert_units("gggg") not equal to "gggg".
     1/1 mismatches
     x[1]: "{gggg}"
     y[1]: "gggg"
    
     == testthat results ===========================================================
     OK: 67 SKIPPED: 16 WARNINGS: 0 FAILED: 1
     1. Failure: convert_units works (@test-convert_units.R#25)
    
     Error: testthat unit tests failed
     Execution halted
Flavor: r-release-windows-ix86+x86_64

Version: 0.6.4
Check: tests
Result: ERROR
     Running 'test-all.R' [109s]
    Running the tests in 'tests/test-all.R' failed.
    Complete output:
     > library("testthat")
     > library("rerddap")
     >
     > #Sys.setenv(RERDDAP_CACHE_PATH_SUFFIX = "rerddap")
     > cache_setup(temp_dir = TRUE)
     [1] "D:\\temp\\Rtmpi0f5Tt/R/rerddap"
     >
     > test_check("rerddap")
     -- 1. Failure: convert_units works (@test-convert_units.R#25) -----------------
     convert_units("gggg") not equal to "gggg".
     1/1 mismatches
     x[1]: "{gggg}"
     y[1]: "gggg"
    
     == testthat results ===========================================================
     OK: 67 SKIPPED: 16 WARNINGS: 0 FAILED: 1
     1. Failure: convert_units works (@test-convert_units.R#25)
    
     Error: testthat unit tests failed
     Execution halted
Flavor: r-oldrel-windows-ix86+x86_64