Last updated on 2024-04-25 06:02:23 CEST.
Flavor | Version | Tinstall | Tcheck | Ttotal | Status | Flags |
---|---|---|---|---|---|---|
r-devel-linux-x86_64-debian-clang | 1.0 | 2.47 | 24.39 | 26.86 | NOTE | |
r-devel-linux-x86_64-debian-gcc | 1.0 | 1.39 | 16.69 | 18.08 | NOTE | |
r-devel-linux-x86_64-fedora-clang | 1.0 | 30.56 | NOTE | |||
r-devel-linux-x86_64-fedora-gcc | 1.0 | 30.09 | NOTE | |||
r-devel-windows-x86_64 | 1.0 | 2.00 | 43.00 | 45.00 | NOTE | |
r-patched-linux-x86_64 | 1.0 | 3.55 | 22.41 | 25.96 | NOTE | |
r-release-linux-x86_64 | 1.0 | 2.50 | 21.79 | 24.29 | OK | |
r-release-macos-arm64 | 1.0 | 13.00 | NOTE | |||
r-release-windows-x86_64 | 1.0 | 4.00 | 42.00 | 46.00 | NOTE | |
r-oldrel-macos-arm64 | 1.0 | 17.00 | OK | |||
r-oldrel-macos-x86_64 | 1.0 | 17.00 | OK | |||
r-oldrel-windows-x86_64 | 1.0 | 5.00 | 43.00 | 48.00 | OK |
Version: 1.0
Check: Rd files
Result: NOTE
checkRd: (-1) NCBirths2004.Rd:16: Lost braces
16 | \item{\code{Smoker}}{Mother a smoker? code{No}, \code{Yes}}
| ^
Flavors: r-devel-linux-x86_64-debian-clang, r-devel-linux-x86_64-debian-gcc, r-devel-linux-x86_64-fedora-clang, r-devel-linux-x86_64-fedora-gcc, r-devel-windows-x86_64, r-patched-linux-x86_64, r-release-macos-arm64, r-release-windows-x86_64