CRAN Package Check Results for Package resemble

Last updated on 2022-10-07 17:52:12 CEST.

Flavor Version Tinstall Tcheck Ttotal Status Flags
r-devel-linux-x86_64-debian-clang 2.2.1 82.70 343.65 426.35 OK
r-devel-linux-x86_64-debian-gcc 2.2.1 63.28 264.34 327.62 OK
r-devel-linux-x86_64-fedora-clang 2.2.1 561.85 OK
r-devel-linux-x86_64-fedora-gcc 2.2.1 527.06 OK
r-devel-windows-x86_64 2.2.1 90.00 419.00 509.00 OK
r-patched-linux-x86_64 2.2.1 76.96 324.51 401.47 OK
r-release-linux-x86_64 2.2.1 70.06 330.49 400.55 OK
r-release-macos-arm64 2.2.1 206.00 NOTE
r-release-macos-x86_64 2.2.1 226.00 NOTE
r-release-windows-x86_64 2.2.1 94.00 408.00 502.00 OK
r-oldrel-macos-arm64 2.2.1 173.00 NOTE
r-oldrel-macos-x86_64 2.2.1 229.00 NOTE
r-oldrel-windows-ix86+x86_64 2.2.1 177.00 523.00 700.00 NOTE

Check Details

Version: 2.2.1
Check: installed package size
Result: NOTE
     installed size is 8.8Mb
     sub-directories of 1Mb or more:
     doc 1.6Mb
     libs 6.6Mb
Flavors: r-release-macos-arm64, r-release-macos-x86_64, r-oldrel-macos-arm64, r-oldrel-macos-x86_64, r-oldrel-windows-ix86+x86_64