CRAN Package Check Results for Package restatis

Last updated on 2024-02-29 18:20:32 CET.

Flavor Version Tinstall Tcheck Ttotal Status Flags
r-devel-linux-x86_64-debian-clang 0.1.0 4.98 53.60 58.58 OK
r-devel-linux-x86_64-debian-gcc 0.1.0 4.74 40.22 44.96 OK
r-devel-linux-x86_64-fedora-clang 0.1.0 72.69 NOTE
r-devel-linux-x86_64-fedora-gcc 0.1.0 83.51 NOTE
r-devel-windows-x86_64 0.1.0 6.00 69.00 75.00 OK
r-patched-linux-x86_64 0.1.0 5.17 52.33 57.50 OK
r-release-linux-x86_64 0.1.0 3.58 51.16 54.74 OK
r-release-macos-arm64 0.1.0 31.00 OK
r-release-macos-x86_64 0.1.0 61.00 OK
r-release-windows-x86_64 0.1.0 10.00 74.00 84.00 OK
r-oldrel-macos-arm64 0.1.0 28.00 OK
r-oldrel-windows-x86_64 0.1.0 7.00 69.00 76.00 OK

Check Details

Version: 0.1.0
Check: data for non-ASCII characters
Result: NOTE Note: found 1172 marked UTF-8 strings Flavors: r-devel-linux-x86_64-fedora-clang, r-devel-linux-x86_64-fedora-gcc