Last updated on 2023-03-26 12:03:27 CEST.
Flavor | Version | Tinstall | Tcheck | Ttotal | Status | Flags |
---|---|---|---|---|---|---|
r-devel-linux-x86_64-debian-clang | 0.2.0 | 10.14 | 147.69 | 157.83 | OK | |
r-devel-linux-x86_64-debian-gcc | 0.2.0 | 7.42 | 109.74 | 117.16 | OK | |
r-devel-linux-x86_64-fedora-clang | 0.2.0 | 219.96 | NOTE | |||
r-devel-linux-x86_64-fedora-gcc | 0.2.0 | 209.25 | OK | |||
r-patched-linux-x86_64 | 0.2.0 | 9.36 | 136.13 | 145.49 | OK | |
r-release-linux-x86_64 | 0.2.0 | 7.82 | 141.87 | 149.69 | OK | |
r-release-macos-arm64 | 0.2.0 | 52.00 | NOTE | |||
r-release-macos-x86_64 | 0.2.0 | 91.00 | NOTE | |||
r-release-windows-x86_64 | 0.2.0 | 93.00 | 188.00 | 281.00 | NOTE | |
r-oldrel-macos-arm64 | 0.2.0 | 58.00 | NOTE | |||
r-oldrel-macos-x86_64 | 0.2.0 | 75.00 | NOTE | |||
r-oldrel-windows-ix86+x86_64 | 0.2.0 | 20.00 | 194.00 | 214.00 | NOTE |
Version: 0.2.0
Check: installed package size
Result: NOTE
installed size is 5.7Mb
sub-directories of 1Mb or more:
doc 1.1Mb
examples 1.9Mb
Flavors: r-devel-linux-x86_64-fedora-clang, r-release-macos-arm64, r-release-macos-x86_64, r-release-windows-x86_64, r-oldrel-macos-arm64, r-oldrel-macos-x86_64, r-oldrel-windows-ix86+x86_64