CRAN Package Check Results for Package revtools

Last updated on 2022-01-22 11:51:10 CET.

Flavor Version Tinstall Tcheck Ttotal Status Flags
r-devel-linux-x86_64-debian-clang 0.4.1 13.27 100.73 114.00 NOTE
r-devel-linux-x86_64-debian-gcc 0.4.1 9.44 75.08 84.52 NOTE
r-devel-linux-x86_64-fedora-clang 0.4.1 134.65 NOTE
r-devel-linux-x86_64-fedora-gcc 0.4.1 120.88 NOTE
r-devel-windows-x86_64-new-UL 0.4.1 55.00 130.00 185.00 NOTE
r-devel-windows-x86_64-new-TK 0.4.1 NOTE
r-patched-linux-x86_64 0.4.1 11.81 94.79 106.60 NOTE
r-release-linux-x86_64 0.4.1 8.20 94.55 102.75 NOTE
r-release-macos-arm64 0.4.1 NOTE
r-release-macos-x86_64 0.4.1 NOTE
r-release-windows-ix86+x86_64 0.4.1 26.00 108.00 134.00 NOTE
r-oldrel-macos-x86_64 0.4.1 OK
r-oldrel-windows-ix86+x86_64 0.4.1 26.00 114.00 140.00 OK

Check Details

Version: 0.4.1
Check: LazyData
Result: NOTE
     'LazyData' is specified without a 'data' directory
Flavors: r-devel-linux-x86_64-debian-clang, r-devel-linux-x86_64-debian-gcc, r-devel-linux-x86_64-fedora-clang, r-devel-linux-x86_64-fedora-gcc, r-devel-windows-x86_64-new-UL, r-devel-windows-x86_64-new-TK, r-patched-linux-x86_64, r-release-linux-x86_64, r-release-macos-arm64, r-release-macos-x86_64, r-release-windows-ix86+x86_64