Last updated on 2021-01-24 05:48:20 CET.
Flavor | Version | Tinstall | Tcheck | Ttotal | Status | Flags |
---|---|---|---|---|---|---|
r-devel-linux-x86_64-debian-clang | 1.2.0 | 2.42 | 34.24 | 36.66 | OK | |
r-devel-linux-x86_64-debian-gcc | 1.2.0 | 1.76 | 26.74 | 28.50 | OK | |
r-devel-linux-x86_64-fedora-clang | 1.2.0 | 53.90 | OK | |||
r-devel-linux-x86_64-fedora-gcc | 1.2.0 | 44.01 | OK | |||
r-devel-windows-ix86+x86_64 | 1.2.0 | 6.00 | 42.00 | 48.00 | OK | |
r-patched-linux-x86_64 | 1.2.0 | 2.26 | 32.95 | 35.21 | OK | |
r-patched-solaris-x86 | 1.2.0 | 64.30 | OK | |||
r-release-linux-x86_64 | 1.2.0 | 2.33 | 33.57 | 35.90 | OK | |
r-release-macos-x86_64 | 1.2.0 | WARN | ||||
r-release-windows-ix86+x86_64 | 1.2.0 | 5.00 | 56.00 | 61.00 | OK | |
r-oldrel-macos-x86_64 | 1.2.0 | OK | ||||
r-oldrel-windows-ix86+x86_64 | 1.2.0 | 4.00 | 51.00 | 55.00 | OK |
Version: 1.2.0
Check: re-building of vignette outputs
Result: WARN
Error(s) in re-building vignettes:
...
--- re-building ‘log_parsing.Rmd’ using rmarkdown
Warning in engine$weave(file, quiet = quiet, encoding = enc) :
Pandoc (>= 1.12.3) and/or pandoc-citeproc not available. Falling back to R Markdown v1.
Error: processing vignette 'log_parsing.Rmd' failed with diagnostics:
there is no package called 'stringi'
--- failed re-building ‘log_parsing.Rmd’
--- re-building ‘url_parsing.Rmd’ using rmarkdown
Warning in engine$weave(file, quiet = quiet, encoding = enc) :
Pandoc (>= 1.12.3) and/or pandoc-citeproc not available. Falling back to R Markdown v1.
Error: processing vignette 'url_parsing.Rmd' failed with diagnostics:
there is no package called 'stringi'
--- failed re-building ‘url_parsing.Rmd’
SUMMARY: processing the following files failed:
‘log_parsing.Rmd’ ‘url_parsing.Rmd’
Error: Vignette re-building failed.
Execution halted
Flavor: r-release-macos-x86_64