Last updated on 2024-08-31 23:49:13 CEST.
Flavor | Version | Tinstall | Tcheck | Ttotal | Status | Flags |
---|---|---|---|---|---|---|
r-devel-linux-x86_64-debian-clang | 1.2.0 | 10.90 | 313.62 | 324.52 | OK | |
r-devel-linux-x86_64-debian-gcc | 1.2.0 | 7.86 | 215.26 | 223.12 | OK | |
r-devel-linux-x86_64-fedora-clang | 1.2.0 | 527.85 | OK | |||
r-devel-linux-x86_64-fedora-gcc | 1.2.0 | 550.92 | OK | |||
r-devel-windows-x86_64 | 1.2.0 | 14.00 | 247.00 | 261.00 | ERROR | |
r-patched-linux-x86_64 | 1.2.0 | 11.43 | 300.16 | 311.59 | OK | |
r-release-linux-x86_64 | 1.2.0 | 10.01 | 300.24 | 310.25 | OK | |
r-release-macos-arm64 | 1.2.0 | 204.00 | OK | |||
r-release-macos-x86_64 | 1.2.0 | 268.00 | OK | |||
r-release-windows-x86_64 | 1.2.0 | 14.00 | 356.00 | 370.00 | OK | |
r-oldrel-macos-arm64 | 1.2.0 | 210.00 | OK | |||
r-oldrel-macos-x86_64 | 1.2.0 | 466.00 | OK | |||
r-oldrel-windows-x86_64 | 1.2.0 | 20.00 | 409.00 | 429.00 | OK |
Version: 1.2.0
Check: re-building of vignette outputs
Result: ERROR
Error(s) in re-building vignettes:
--- re-building 'Counts.Rmd' using rmarkdown
trying URL 'https://static.nhtsa.gov/nhtsa/downloads/FARS/2021/National/FARS2021NationalSAS.zip'
Content type 'application/x-zip-compressed' length 49942611 bytes (47.6 MB)
==================================================
downloaded 47.6 MB
--- finished re-building 'Counts.Rmd'
--- re-building 'Crash_sequence_of_events.Rmd' using rmarkdown
trying URL 'https://static.nhtsa.gov/nhtsa/downloads/CRSS/2021/CRSS2021SAS.zip'
Content type 'application/x-zip-compressed' length 66718214 bytes (63.6 MB)
======================================
downloaded 49.0 MB
Quitting from lines 43-46 [unnamed-chunk-2] (Crash_sequence_of_events.Rmd)
Error: processing vignette 'Crash_sequence_of_events.Rmd' failed with diagnostics:
cannot open the connection
--- failed re-building 'Crash_sequence_of_events.Rmd'
--- re-building 'Searchable_Codebooks.Rmd' using rmarkdown
--- finished re-building 'Searchable_Codebooks.Rmd'
SUMMARY: processing the following file failed:
'Crash_sequence_of_events.Rmd'
Error: Vignette re-building failed.
Execution halted
Flavor: r-devel-windows-x86_64