Last updated on 2023-04-01 23:53:15 CEST.
Flavor | Version | Tinstall | Tcheck | Ttotal | Status | Flags |
---|---|---|---|---|---|---|
r-devel-linux-x86_64-debian-clang | 4.1.1 | 10.80 | 75.64 | 86.44 | OK | |
r-devel-linux-x86_64-debian-gcc | 4.1.1 | 8.20 | 56.61 | 64.81 | OK | |
r-devel-linux-x86_64-fedora-clang | 4.1.1 | 105.96 | OK | |||
r-devel-linux-x86_64-fedora-gcc | 4.1.1 | 104.84 | OK | |||
r-patched-linux-x86_64 | 4.1.1 | 11.06 | 72.64 | 83.70 | OK | |
r-release-linux-x86_64 | 4.1.1 | 9.34 | 72.43 | 81.77 | OK | |
r-release-macos-arm64 | 4.1.1 | 39.00 | OK | |||
r-release-macos-x86_64 | 4.1.1 | 46.00 | OK | |||
r-release-windows-x86_64 | 4.1.1 | 109.00 | 129.00 | 238.00 | OK | |
r-oldrel-macos-arm64 | 4.1.1 | 38.00 | OK | |||
r-oldrel-macos-x86_64 | 4.1.1 | 50.00 | OK | |||
r-oldrel-windows-ix86+x86_64 | 4.1.1 | 23.00 | 104.00 | 127.00 | NOTE |
Version: 4.1.1
Check: dependencies in R code
Result: NOTE
Initiating curl with CURL_SSL_BACKEND: openssl
Flavor: r-oldrel-windows-ix86+x86_64