CRAN Package Check Results for Package rgbif

Last updated on 2020-11-29 05:47:30 CET.

Flavor Version Tinstall Tcheck Ttotal Status Flags
r-devel-linux-x86_64-debian-clang 3.3.0 18.55 167.60 186.15 OK
r-devel-linux-x86_64-debian-gcc 3.3.0 12.81 131.46 144.27 OK
r-devel-linux-x86_64-fedora-clang 3.3.0 222.97 OK
r-devel-linux-x86_64-fedora-gcc 3.3.0 216.44 OK
r-devel-windows-ix86+x86_64 3.3.0 27.00 148.00 175.00 OK
r-patched-linux-x86_64 3.3.0 15.72 174.51 190.23 OK
r-patched-solaris-x86 3.3.0 281.30 NOTE
r-release-linux-x86_64 3.3.0 13.68 175.23 188.91 OK
r-release-macos-x86_64 3.3.0 OK
r-release-windows-ix86+x86_64 3.3.0 22.00 155.00 177.00 OK
r-oldrel-macos-x86_64 3.3.0 OK
r-oldrel-windows-ix86+x86_64 3.3.0 20.00 197.00 217.00 OK

Check Details

Version: 3.3.0
Check: installed package size
Result: NOTE
     installed size is 5.3Mb
     sub-directories of 1Mb or more:
     doc 1.7Mb
     help 2.3Mb
Flavor: r-patched-solaris-x86