CRAN Package Check Results for Package rgenoud

Last updated on 2021-09-23 17:51:28 CEST.

Flavor Version Tinstall Tcheck Ttotal Status Flags
r-devel-linux-x86_64-debian-clang 5.8-3.0 14.15 53.48 67.63 NOTE
r-devel-linux-x86_64-debian-gcc 5.8-3.0 8.18 55.12 63.30 NOTE
r-devel-linux-x86_64-fedora-clang 5.8-3.0 94.62 NOTE
r-devel-linux-x86_64-fedora-gcc 5.8-3.0 86.51 NOTE
r-devel-windows-x86_64 5.8-3.0 16.00 69.00 85.00 NOTE
r-devel-windows-x86_64-gcc10-UCRT 5.8-3.0 NOTE
r-patched-linux-x86_64 5.8-3.0 9.82 67.82 77.64 NOTE
r-patched-solaris-x86 5.8-3.0 115.30 NOTE
r-release-linux-x86_64 5.8-3.0 8.70 68.26 76.96 NOTE
r-release-macos-arm64 5.8-3.0 NOTE
r-release-macos-x86_64 5.8-3.0 NOTE
r-release-windows-ix86+x86_64 5.8-3.0 35.00 100.00 135.00 NOTE
r-oldrel-macos-x86_64 5.8-3.0 NOTE
r-oldrel-windows-ix86+x86_64 5.8-3.0 41.00 96.00 137.00 NOTE

Additional issues

clang-UBSAN gcc-UBSAN

Check Details

Version: 5.8-3.0
Check: R code for possible problems
Result: NOTE
    genoud: multiple local function definitions for 'fn1.bfgs' with
     different formal arguments
    genoud: multiple local function definitions for 'gr1' with different
     formal arguments
    genoud: multiple local function definitions for 'hess.fn' with
     different formal arguments
    genoud_transform: multiple local function definitions for 'fn1.bfgs'
     with different formal arguments
    genoud_transform: multiple local function definitions for 'gr1' with
     different formal arguments
Flavors: r-devel-linux-x86_64-debian-clang, r-devel-linux-x86_64-debian-gcc, r-devel-linux-x86_64-fedora-clang, r-devel-linux-x86_64-fedora-gcc, r-devel-windows-x86_64, r-devel-windows-x86_64-gcc10-UCRT, r-patched-linux-x86_64, r-patched-solaris-x86, r-release-linux-x86_64, r-release-macos-arm64, r-release-macos-x86_64, r-release-windows-ix86+x86_64, r-oldrel-macos-x86_64, r-oldrel-windows-ix86+x86_64

Version: 5.8-3.0
Check: Rd cross-references
Result: NOTE
    Undeclared package ‘Matching’ in Rd xrefs
Flavor: r-devel-linux-x86_64-fedora-clang