Last updated on 2024-08-16 11:49:49 CEST.
Flavor | Version | Tinstall | Tcheck | Ttotal | Status | Flags |
---|---|---|---|---|---|---|
r-devel-linux-x86_64-debian-clang | 1.3.1 | 125.23 | 213.76 | 338.99 | NOTE | |
r-devel-linux-x86_64-debian-gcc | 1.3.1 | 81.20 | 157.55 | 238.75 | NOTE | |
r-devel-linux-x86_64-fedora-clang | 1.3.1 | 806.58 | NOTE | |||
r-devel-linux-x86_64-fedora-gcc | 1.3.1 | 691.92 | NOTE | |||
r-devel-windows-x86_64 | 1.3.1 | 206.00 | 242.00 | 448.00 | NOTE | |
r-patched-linux-x86_64 | 1.3.1 | 120.37 | 199.34 | 319.71 | OK | |
r-release-linux-x86_64 | 1.3.1 | 109.58 | 203.64 | 313.22 | OK | |
r-release-macos-arm64 | 1.3.1 | 347.00 | NOTE | |||
r-release-macos-x86_64 | 1.3.1 | 297.00 | NOTE | |||
r-release-windows-x86_64 | 1.3.1 | 219.00 | 263.00 | 482.00 | NOTE | |
r-oldrel-macos-arm64 | 1.3.1 | 350.00 | NOTE | |||
r-oldrel-macos-x86_64 | 1.3.1 | 384.00 | NOTE | |||
r-oldrel-windows-x86_64 | 1.3.1 | 234.00 | 301.00 | 535.00 | NOTE |
Version: 1.3.1
Check: Rd cross-references
Result: NOTE
Found the following Rd file(s) with Rd \link{} targets missing package
anchors:
playwidget.Rd: createWidget
plot3d.lm.Rd: kde2d
rglwidget.Rd: createWidget, saveWidget
Please provide package anchors for all Rd \link{} targets not in the
package itself and the base packages.
Flavors: r-devel-linux-x86_64-debian-clang, r-devel-linux-x86_64-debian-gcc, r-devel-windows-x86_64
Version: 1.3.1
Check: installed package size
Result: NOTE
installed size is 8.3Mb
sub-directories of 1Mb or more:
doc 3.0Mb
fonts 1.5Mb
Flavors: r-devel-linux-x86_64-fedora-clang, r-devel-windows-x86_64, r-release-macos-arm64, r-release-macos-x86_64, r-release-windows-x86_64, r-oldrel-macos-arm64, r-oldrel-macos-x86_64, r-oldrel-windows-x86_64
Version: 1.3.1
Check: for detritus in the temp directory
Result: NOTE
Found the following files/directories:
‘Crashpad’
Flavors: r-devel-linux-x86_64-fedora-clang, r-devel-linux-x86_64-fedora-gcc