Last updated on 2023-03-27 06:50:18 CEST.
Flavor | Version | Tinstall | Tcheck | Ttotal | Status | Flags |
---|---|---|---|---|---|---|
r-devel-linux-x86_64-debian-clang | 0.2.1 | 3.63 | 31.52 | 35.15 | NOTE | |
r-devel-linux-x86_64-debian-gcc | 0.2.1 | 2.70 | 24.97 | 27.67 | NOTE | |
r-devel-linux-x86_64-fedora-clang | 0.2.1 | 44.41 | NOTE | |||
r-devel-linux-x86_64-fedora-gcc | 0.2.1 | 41.48 | NOTE | |||
r-patched-linux-x86_64 | 0.2.1 | 2.38 | 30.52 | 32.90 | NOTE | |
r-release-linux-x86_64 | 0.2.1 | 2.20 | 31.78 | 33.98 | NOTE | |
r-release-macos-arm64 | 0.2.1 | 19.00 | NOTE | |||
r-release-macos-x86_64 | 0.2.1 | 24.00 | NOTE | |||
r-release-windows-x86_64 | 0.2.1 | 11.00 | 59.00 | 70.00 | NOTE | |
r-oldrel-macos-arm64 | 0.2.1 | 26.00 | NOTE | |||
r-oldrel-macos-x86_64 | 0.2.1 | 34.00 | NOTE | |||
r-oldrel-windows-ix86+x86_64 | 0.2.1 | 9.00 | 60.00 | 69.00 | NOTE |
Version: 0.2.1
Check: LazyData
Result: NOTE
'LazyData' is specified without a 'data' directory
Flavors: r-devel-linux-x86_64-debian-clang, r-devel-linux-x86_64-debian-gcc, r-devel-linux-x86_64-fedora-clang, r-devel-linux-x86_64-fedora-gcc, r-patched-linux-x86_64, r-release-linux-x86_64, r-release-macos-arm64, r-release-macos-x86_64, r-release-windows-x86_64, r-oldrel-macos-arm64, r-oldrel-macos-x86_64, r-oldrel-windows-ix86+x86_64