CRAN Package Check Results for Package rhandsontable

Last updated on 2020-12-01 05:47:13 CET.

Flavor Version Tinstall Tcheck Ttotal Status Flags
r-devel-linux-x86_64-debian-clang 0.3.7 5.23 60.84 66.07 OK
r-devel-linux-x86_64-debian-gcc 0.3.7 3.83 48.04 51.87 OK
r-devel-linux-x86_64-fedora-clang 0.3.7 82.64 NOTE
r-devel-linux-x86_64-fedora-gcc 0.3.7 73.20 OK
r-devel-windows-ix86+x86_64 0.3.7 17.00 70.00 87.00 NOTE
r-patched-linux-x86_64 0.3.7 5.62 64.72 70.34 OK
r-patched-solaris-x86 0.3.7 74.40 WARN
r-release-linux-x86_64 0.3.7 5.62 64.50 70.12 OK
r-release-macos-x86_64 0.3.7 WARN
r-release-windows-ix86+x86_64 0.3.7 14.00 66.00 80.00 NOTE
r-oldrel-macos-x86_64 0.3.7 WARN
r-oldrel-windows-ix86+x86_64 0.3.7 10.00 84.00 94.00 NOTE

Check Details

Version: 0.3.7
Check: installed package size
Result: NOTE
     installed size is 11.5Mb
     sub-directories of 1Mb or more:
     doc 10.2Mb
     htmlwidgets 1.2Mb
Flavors: r-devel-linux-x86_64-fedora-clang, r-devel-windows-ix86+x86_64, r-patched-solaris-x86, r-release-macos-x86_64, r-release-windows-ix86+x86_64, r-oldrel-macos-x86_64, r-oldrel-windows-ix86+x86_64

Version: 0.3.7
Check: re-building of vignette outputs
Result: WARN
    Error(s) in re-building vignettes:
     ...
    --- re-building ‘intro_rhandsontable.Rmd’ using rmarkdown
    Warning in engine$weave(file, quiet = quiet, encoding = enc) :
     Pandoc (>= 1.12.3) and/or pandoc-citeproc not available. Falling back to R Markdown v1.
    Quitting from lines 34-47 (intro_rhandsontable.Rmd)
    Error: processing vignette 'intro_rhandsontable.Rmd' failed with diagnostics:
    there is no package called 'webshot'
    --- failed re-building ‘intro_rhandsontable.Rmd’
    
    SUMMARY: processing the following file failed:
     ‘intro_rhandsontable.Rmd’
    
    Error: Vignette re-building failed.
    Execution halted
Flavor: r-patched-solaris-x86

Version: 0.3.7
Check: re-building of vignette outputs
Result: WARN
    Error(s) in re-building vignettes:
     ...
    --- re-building ‘intro_rhandsontable.Rmd’ using rmarkdown
    Warning in engine$weave(file, quiet = quiet, encoding = enc) :
     Pandoc (>= 1.12.3) and/or pandoc-citeproc not available. Falling back to R Markdown v1.
    Quitting from lines 34-47 (intro_rhandsontable.Rmd)
    Error: processing vignette 'intro_rhandsontable.Rmd' failed with diagnostics:
    cannot open the connection
    --- failed re-building ‘intro_rhandsontable.Rmd’
    
    SUMMARY: processing the following file failed:
     ‘intro_rhandsontable.Rmd’
    
    Error: Vignette re-building failed.
    Execution halted
Flavors: r-release-macos-x86_64, r-oldrel-macos-x86_64