Last updated on 2023-10-03 01:05:02 CEST.
Flavor | Version | Tinstall | Tcheck | Ttotal | Status | Flags |
---|---|---|---|---|---|---|
r-devel-linux-x86_64-debian-clang | 0.3.0 | 3.19 | 33.32 | 36.51 | OK | |
r-devel-linux-x86_64-debian-gcc | 0.3.0 | 3.25 | 25.77 | 29.02 | OK | |
r-devel-linux-x86_64-fedora-clang | 0.3.0 | 48.14 | NOTE | |||
r-devel-linux-x86_64-fedora-gcc | 0.3.0 | 44.62 | NOTE | |||
r-devel-windows-x86_64 | 0.3.0 | 5.00 | 53.00 | 58.00 | OK | |
r-patched-linux-x86_64 | 0.3.0 | 4.27 | 32.72 | 36.99 | OK | |
r-release-linux-x86_64 | 0.3.0 | 2.66 | 32.46 | 35.12 | OK | |
r-release-macos-arm64 | 0.3.0 | 19.00 | OK | |||
r-release-macos-x86_64 | 0.3.0 | 28.00 | OK | |||
r-release-windows-x86_64 | 0.3.0 | 6.00 | 56.00 | 62.00 | OK | |
r-oldrel-macos-arm64 | 0.3.0 | 18.00 | NOTE | |||
r-oldrel-macos-x86_64 | 0.3.0 | 27.00 | NOTE | |||
r-oldrel-windows-x86_64 | 0.3.0 | 6.00 | 55.00 | 61.00 | OK |
Version: 0.3.0
Check: dependencies in R code
Result: NOTE
Namespace in Imports field not imported from: ‘R6’
All declared Imports should be used.
Flavors: r-devel-linux-x86_64-fedora-clang, r-devel-linux-x86_64-fedora-gcc, r-oldrel-macos-arm64, r-oldrel-macos-x86_64