CRAN Package Check Results for Package rim

Last updated on 2023-04-01 11:51:39 CEST.

Flavor Version Tinstall Tcheck Ttotal Status Flags
r-devel-linux-x86_64-debian-clang 0.5.2 20.27 36.51 56.78 NOTE
r-devel-linux-x86_64-debian-gcc 0.5.2 15.86 28.38 44.24 NOTE
r-devel-linux-x86_64-fedora-clang 0.5.2 123.49 NOTE
r-devel-linux-x86_64-fedora-gcc 0.5.2 114.88 NOTE
r-patched-linux-x86_64 0.5.2 19.26 35.80 55.06 NOTE
r-release-linux-x86_64 0.5.2 16.61 36.02 52.63 OK
r-release-macos-arm64 0.5.2 29.00 OK
r-release-macos-x86_64 0.5.2 37.00 OK
r-release-windows-x86_64 0.5.2 37.00 95.00 132.00 OK
r-oldrel-macos-arm64 0.5.2 30.00 OK
r-oldrel-macos-x86_64 0.5.2 42.00 OK
r-oldrel-windows-ix86+x86_64 0.5.2 51.00 93.00 144.00 OK

Check Details

Version: 0.5.2
Check: C++ specification
Result: NOTE
     Specified C++11: please drop specification unless essential
Flavors: r-devel-linux-x86_64-debian-clang, r-devel-linux-x86_64-debian-gcc, r-devel-linux-x86_64-fedora-clang, r-devel-linux-x86_64-fedora-gcc, r-patched-linux-x86_64