CRAN Package Check Results for Package rirods

Last updated on 2024-02-26 17:51:27 CET.

Flavor Version Tinstall Tcheck Ttotal Status Flags
r-devel-linux-x86_64-debian-clang 0.1.2 3.53 52.31 55.84 OK
r-devel-linux-x86_64-debian-gcc 0.1.2 2.77 40.59 43.36 OK
r-devel-linux-x86_64-fedora-clang 0.1.2 85.25 NOTE
r-devel-linux-x86_64-fedora-gcc 0.1.2 93.64 NOTE
r-devel-windows-x86_64 0.1.2 4.00 79.00 83.00 OK
r-patched-linux-x86_64 0.1.2 4.20 50.55 54.75 OK
r-release-linux-x86_64 0.1.2 3.61 50.12 53.73 OK
r-release-macos-arm64 0.1.2 46.00 OK
r-release-macos-x86_64 0.1.2 85.00 OK
r-release-windows-x86_64 0.1.2 5.00 72.00 77.00 OK
r-oldrel-macos-arm64 0.1.2 37.00 OK
r-oldrel-windows-x86_64 0.1.2 6.00 73.00 79.00 OK

Check Details

Version: 0.1.2
Check: for detritus in the temp directory
Result: NOTE Found the following files/directories: ‘containers-user-1234’ Flavors: r-devel-linux-x86_64-fedora-clang, r-devel-linux-x86_64-fedora-gcc