CRAN Package Check Results for Package riskRegression

Last updated on 2021-06-12 11:52:22 CEST.

Flavor Version Tinstall Tcheck Ttotal Status Flags
r-devel-linux-x86_64-debian-clang 2020.12.08 247.66 512.94 760.60 OK
r-devel-linux-x86_64-debian-gcc 2020.12.08 162.76 359.08 521.84 OK
r-devel-linux-x86_64-fedora-clang 2020.12.08 933.62 NOTE
r-devel-linux-x86_64-fedora-gcc 2020.12.08 902.89 OK
r-devel-windows-x86_64 2020.12.08 308.00 575.00 883.00 OK
r-devel-windows-x86_64-gcc10-UCRT 2020.12.08 OK
r-patched-linux-x86_64 2020.12.08 196.46 475.29 671.75 OK
r-patched-solaris-x86 2020.12.08 1020.30 OK
r-release-linux-x86_64 2020.12.08 193.04 466.92 659.96 OK
r-release-macos-arm64 2020.12.08 NOTE
r-release-macos-x86_64 2020.12.08 NOTE
r-release-windows-ix86+x86_64 2020.12.08 543.00 1000.00 1543.00 OK
r-oldrel-macos-x86_64 2020.12.08 NOTE
r-oldrel-windows-ix86+x86_64 2020.12.08 543.00 985.00 1528.00 OK

Check Details

Version: 2020.12.08
Check: installed package size
Result: NOTE
     installed size is 9.4Mb
     sub-directories of 1Mb or more:
     libs 8.0Mb
Flavors: r-devel-linux-x86_64-fedora-clang, r-release-macos-arm64, r-release-macos-x86_64, r-oldrel-macos-x86_64