CRAN Package Check Results for Package rjmcmc

Last updated on 2019-05-20 12:04:32 CEST.

Flavor Version Tinstall Tcheck Ttotal Status Flags
r-devel-linux-x86_64-debian-clang 0.4.4 8.00 244.10 252.10 OK
r-devel-linux-x86_64-debian-gcc 0.4.4 6.23 185.70 191.93 OK
r-devel-linux-x86_64-fedora-clang 0.4.4 307.88 NOTE
r-devel-linux-x86_64-fedora-gcc 0.4.4 283.68 NOTE
r-devel-windows-ix86+x86_64 0.4.4 18.00 316.00 334.00 OK
r-patched-linux-x86_64 0.4.4 8.00 244.80 252.80 OK
r-patched-solaris-x86 0.4.4 377.20 NOTE
r-release-linux-x86_64 0.4.4 7.67 239.60 247.27 OK
r-release-windows-ix86+x86_64 0.4.4 18.00 308.00 326.00 OK
r-release-osx-x86_64 0.4.4 NOTE
r-oldrel-windows-ix86+x86_64 0.4.4 7.00 240.00 247.00 OK
r-oldrel-osx-x86_64 0.4.4 NOTE

Check Details

Version: 0.4.4
Check: dependencies in R code
Result: NOTE
    Namespace in Imports field not imported from: ‘coda’
     All declared Imports should be used.
Flavors: r-devel-linux-x86_64-fedora-clang, r-devel-linux-x86_64-fedora-gcc, r-patched-solaris-x86, r-release-osx-x86_64, r-oldrel-osx-x86_64