Last updated on 2023-09-25 12:01:50 CEST.
Flavor | Version | Tinstall | Tcheck | Ttotal | Status | Flags |
---|---|---|---|---|---|---|
r-devel-linux-x86_64-debian-clang | 1.0.0 | 82.82 | 28.54 | 111.36 | NOTE | |
r-devel-linux-x86_64-debian-gcc | 1.0.0 | 78.40 | 22.20 | 100.60 | NOTE | |
r-devel-linux-x86_64-fedora-clang | 1.0.0 | 146.96 | NOTE | |||
r-devel-linux-x86_64-fedora-gcc | 1.0.0 | 204.45 | NOTE | |||
r-devel-windows-x86_64 | 1.0.0 | 57.00 | 80.00 | 137.00 | NOTE | |
r-patched-linux-x86_64 | 1.0.0 | 92.79 | 27.30 | 120.09 | NOTE | |
r-release-linux-x86_64 | 1.0.0 | 90.50 | 27.24 | 117.74 | NOTE | |
r-release-macos-arm64 | 1.0.0 | 53.00 | NOTE | |||
r-release-macos-x86_64 | 1.0.0 | 79.00 | NOTE | |||
r-release-windows-x86_64 | 1.0.0 | 60.00 | 86.00 | 146.00 | NOTE | |
r-oldrel-macos-arm64 | 1.0.0 | 48.00 | NOTE | |||
r-oldrel-macos-x86_64 | 1.0.0 | 62.00 | NOTE | |||
r-oldrel-windows-x86_64 | 1.0.0 | 83.00 | 82.00 | 165.00 | NOTE |
Version: 1.0.0
Check: C++ specification
Result: NOTE
Specified C++11: please drop specification unless essential
Flavors: r-devel-linux-x86_64-debian-clang, r-devel-linux-x86_64-debian-gcc, r-devel-linux-x86_64-fedora-clang, r-devel-linux-x86_64-fedora-gcc, r-devel-windows-x86_64, r-patched-linux-x86_64, r-release-linux-x86_64, r-release-macos-arm64, r-release-macos-x86_64, r-release-windows-x86_64
Version: 1.0.0
Check: installed package size
Result: NOTE
installed size is 5.9Mb
sub-directories of 1Mb or more:
include 2.9Mb
libs 2.2Mb
Flavors: r-devel-linux-x86_64-fedora-clang, r-devel-windows-x86_64, r-release-macos-arm64, r-release-macos-x86_64, r-release-windows-x86_64, r-oldrel-macos-arm64, r-oldrel-macos-x86_64, r-oldrel-windows-x86_64