CRAN Package Check Results for Package rkeops

Last updated on 2023-06-06 01:03:38 CEST.

Flavor Version Tinstall Tcheck Ttotal Status Flags
r-devel-linux-x86_64-debian-clang 1.4.2.2 28.31 52.92 81.23 NOTE
r-devel-linux-x86_64-debian-gcc 1.4.2.2 19.71 41.65 61.36 NOTE
r-devel-linux-x86_64-fedora-clang 1.4.2.2 111.76 NOTE
r-devel-linux-x86_64-fedora-gcc 1.4.2.2 110.06 NOTE
r-patched-linux-x86_64 1.4.2.2 23.23 51.05 74.28 NOTE
r-release-linux-x86_64 1.4.2.2 20.03 51.26 71.29 NOTE
r-release-macos-arm64 1.4.2.2 44.00 NOTE
r-release-macos-x86_64 1.4.2.2 56.00 NOTE
r-oldrel-macos-arm64 1.4.2.2 31.00 NOTE
r-oldrel-macos-x86_64 1.4.2.2 40.00 NOTE

Check Details

Version: 1.4.2.2
Check: C++ specification
Result: NOTE
     Specified C++11: please drop specification unless essential
Flavors: r-devel-linux-x86_64-debian-clang, r-devel-linux-x86_64-debian-gcc, r-devel-linux-x86_64-fedora-clang, r-devel-linux-x86_64-fedora-gcc, r-patched-linux-x86_64, r-release-linux-x86_64, r-release-macos-arm64, r-release-macos-x86_64

Version: 1.4.2.2
Check: LazyData
Result: NOTE
     'LazyData' is specified without a 'data' directory
Flavors: r-devel-linux-x86_64-debian-clang, r-devel-linux-x86_64-debian-gcc, r-devel-linux-x86_64-fedora-clang, r-devel-linux-x86_64-fedora-gcc, r-patched-linux-x86_64, r-release-linux-x86_64, r-release-macos-arm64, r-release-macos-x86_64, r-oldrel-macos-arm64, r-oldrel-macos-x86_64