Last updated on 2024-08-31 23:49:13 CEST.
Flavor | Version | Tinstall | Tcheck | Ttotal | Status | Flags |
---|---|---|---|---|---|---|
r-devel-linux-x86_64-debian-clang | 1.8.0 | 89.25 | 29.85 | 119.10 | OK | |
r-devel-linux-x86_64-debian-gcc | 1.8.0 | 77.32 | 22.57 | 99.89 | OK | |
r-devel-linux-x86_64-fedora-clang | 1.8.0 | 243.88 | OK | |||
r-devel-linux-x86_64-fedora-gcc | 1.8.0 | 278.21 | OK | |||
r-devel-windows-x86_64 | 1.8.0 | 147.00 | 90.00 | 237.00 | OK | |
r-patched-linux-x86_64 | 1.8.0 | 107.92 | 28.87 | 136.79 | OK | |
r-release-linux-x86_64 | 1.8.0 | 108.85 | 28.29 | 137.14 | OK | |
r-release-macos-arm64 | 1.8.0 | 65.00 | NOTE | |||
r-release-macos-x86_64 | 1.8.0 | 91.00 | NOTE | |||
r-release-windows-x86_64 | 1.8.0 | 152.00 | 90.00 | 242.00 | OK | |
r-oldrel-macos-arm64 | 1.8.0 | 74.00 | NOTE | |||
r-oldrel-macos-x86_64 | 1.8.0 | 77.00 | NOTE | |||
r-oldrel-windows-x86_64 | 1.8.0 | 158.00 | 107.00 | 265.00 | OK |
Version: 1.8.0
Check: installed package size
Result: NOTE
installed size is 9.1Mb
sub-directories of 1Mb or more:
libs 8.6Mb
Flavors: r-release-macos-arm64, r-release-macos-x86_64, r-oldrel-macos-arm64, r-oldrel-macos-x86_64