CRAN Package Check Results for Package rliger

Last updated on 2024-04-21 17:56:41 CEST.

Flavor Version Tinstall Tcheck Ttotal Status Flags
r-devel-linux-x86_64-debian-clang 2.0.1 162.82 393.06 555.88 NOTE
r-devel-linux-x86_64-debian-gcc 2.0.1 129.47 431.44 560.91 NOTE
r-devel-linux-x86_64-fedora-clang 2.0.1 1083.09 NOTE
r-devel-linux-x86_64-fedora-gcc 2.0.1 982.93 NOTE
r-prerel-macos-arm64 2.0.1 162.00 NOTE
r-prerel-macos-x86_64 2.0.1 488.00 NOTE
r-prerel-windows-x86_64 2.0.1 123.00 620.00 743.00 NOTE
r-patched-linux-x86_64 2.0.1 121.02 597.05 718.07 NOTE
r-release-linux-x86_64 2.0.1 114.28 598.70 712.98 NOTE
r-release-macos-arm64 2.0.1 170.00 NOTE
r-release-macos-x86_64 2.0.1 448.00 NOTE
r-release-windows-x86_64 2.0.1 155.00 822.00 977.00 NOTE
r-oldrel-macos-arm64 2.0.1 174.00 NOTE
r-oldrel-windows-x86_64 2.0.1 150.00 786.00 936.00 NOTE

Additional issues

noSuggests

Check Details

Version: 2.0.1
Check: package dependencies
Result: NOTE Packages suggested but not available for checking: 'AnnotationDbi', 'DESeq2', 'DoubletFinder', 'GenomicRanges', 'org.Hs.eg.db', 'RcppPlanc', 'reactome.db', 'SingleCellExperiment', 'SummarizedExperiment' Flavor: r-devel-linux-x86_64-debian-clang

Version: 2.0.1
Check: package dependencies
Result: NOTE Packages suggested but not available for checking: 'DESeq2', 'DoubletFinder', 'RcppPlanc', 'SingleCellExperiment', 'SummarizedExperiment' Flavor: r-devel-linux-x86_64-debian-gcc

Version: 2.0.1
Check: package dependencies
Result: NOTE Packages suggested but not available for checking: 'DoubletFinder', 'RcppPlanc' Flavors: r-devel-linux-x86_64-fedora-clang, r-devel-linux-x86_64-fedora-gcc, r-prerel-macos-x86_64, r-prerel-windows-x86_64, r-patched-linux-x86_64, r-release-linux-x86_64, r-release-windows-x86_64, r-oldrel-windows-x86_64

Version: 2.0.1
Check: Rd cross-references
Result: NOTE Undeclared package ‘viridisLite’ in Rd xrefs Flavor: r-devel-linux-x86_64-fedora-clang

Version: 2.0.1
Check: package dependencies
Result: NOTE Packages suggested but not available for checking: 'DoubletFinder', 'RcppPlanc', 'reactome.db' Flavor: r-prerel-macos-arm64

Version: 2.0.1
Check: installed package size
Result: NOTE installed size is 8.2Mb sub-directories of 1Mb or more: libs 5.3Mb Flavors: r-prerel-macos-arm64, r-prerel-macos-x86_64, r-release-macos-arm64, r-release-macos-x86_64, r-oldrel-macos-arm64

Version: 2.0.1
Check: package dependencies
Result: NOTE Packages suggested but not available for checking: 'DoubletFinder', 'EnhancedVolcano', 'RcppPlanc', 'reactome.db' Flavors: r-release-macos-arm64, r-release-macos-x86_64

Version: 2.0.1
Check: package dependencies
Result: NOTE Packages suggested but not available for checking: 'DoubletFinder', 'EnhancedVolcano', 'RcppPlanc' Flavor: r-oldrel-macos-arm64