CRAN Package Check Results for Package rly

Last updated on 2019-09-21 11:46:24 CEST.

Flavor Version Tinstall Tcheck Ttotal Status Flags
r-devel-linux-x86_64-debian-clang 1.6.2 12.36 35.16 47.52 NOTE
r-devel-linux-x86_64-debian-gcc 1.6.2 10.00 27.77 37.77 NOTE
r-devel-linux-x86_64-fedora-clang 1.6.2 60.41 NOTE
r-devel-linux-x86_64-fedora-gcc 1.6.2 60.04 NOTE
r-devel-windows-ix86+x86_64 1.6.2 38.00 74.00 112.00 OK
r-patched-linux-x86_64 1.6.2 12.64 34.60 47.24 OK
r-patched-solaris-x86 1.6.2 79.40 OK
r-release-linux-x86_64 1.6.2 12.32 35.22 47.54 OK
r-release-windows-ix86+x86_64 1.6.2 22.00 73.00 95.00 OK
r-release-osx-x86_64 1.6.2 OK
r-oldrel-windows-ix86+x86_64 1.6.2 21.00 68.00 89.00 OK
r-oldrel-osx-x86_64 1.6.2 OK

Check Details

Version: 1.6.2
Check: for non-standard things in the check directory
Result: NOTE
    Found the following files/directories:
     'file.out'
Flavors: r-devel-linux-x86_64-debian-clang, r-devel-linux-x86_64-debian-gcc, r-devel-linux-x86_64-fedora-clang, r-devel-linux-x86_64-fedora-gcc