CRAN Package Check Results for Package rmake

Last updated on 2022-01-24 07:50:01 CET.

Flavor Version Tinstall Tcheck Ttotal Status Flags
r-devel-linux-x86_64-debian-clang 1.1.0 3.98 51.10 55.08 NOTE
r-devel-linux-x86_64-debian-gcc 1.1.0 2.79 40.00 42.79 NOTE
r-devel-linux-x86_64-fedora-clang 1.1.0 68.90 NOTE
r-devel-linux-x86_64-fedora-gcc 1.1.0 56.99 NOTE
r-devel-windows-x86_64-new-UL 1.1.0 39.00 87.00 126.00 NOTE
r-devel-windows-x86_64-new-TK 1.1.0 NOTE
r-patched-linux-x86_64 1.1.0 4.10 50.09 54.19 NOTE
r-release-linux-x86_64 1.1.0 3.08 49.88 52.96 NOTE
r-release-macos-arm64 1.1.0 NOTE
r-release-macos-x86_64 1.1.0 NOTE
r-release-windows-ix86+x86_64 1.1.0 10.00 70.00 80.00 NOTE
r-oldrel-macos-x86_64 1.1.0 OK
r-oldrel-windows-ix86+x86_64 1.1.0 9.00 70.00 79.00 OK

Check Details

Version: 1.1.0
Check: LazyData
Result: NOTE
     'LazyData' is specified without a 'data' directory
Flavors: r-devel-linux-x86_64-debian-clang, r-devel-linux-x86_64-debian-gcc, r-devel-linux-x86_64-fedora-clang, r-devel-linux-x86_64-fedora-gcc, r-devel-windows-x86_64-new-UL, r-devel-windows-x86_64-new-TK, r-patched-linux-x86_64, r-release-linux-x86_64, r-release-macos-arm64, r-release-macos-x86_64, r-release-windows-ix86+x86_64