Last updated on 2024-04-23 23:56:15 CEST.
Flavor | Version | Tinstall | Tcheck | Ttotal | Status | Flags |
---|---|---|---|---|---|---|
r-devel-linux-x86_64-debian-clang | 0.0.8 | 66.36 | 79.48 | 145.84 | NOTE | |
r-devel-linux-x86_64-debian-gcc | 0.0.8 | 56.98 | 59.20 | 116.18 | NOTE | |
r-devel-linux-x86_64-fedora-clang | 0.0.8 | 220.14 | NOTE | |||
r-devel-linux-x86_64-fedora-gcc | 0.0.8 | 218.93 | NOTE | |||
r-prerel-macos-arm64 | 0.0.8 | 68.00 | NOTE | |||
r-prerel-windows-x86_64 | 0.0.8 | 92.00 | 112.00 | 204.00 | NOTE | |
r-patched-linux-x86_64 | 0.0.8 | 75.16 | 77.15 | 152.31 | NOTE | |
r-release-linux-x86_64 | 0.0.8 | 65.94 | 75.98 | 141.92 | NOTE | |
r-release-macos-arm64 | 0.0.8 | 70.00 | NOTE | |||
r-release-macos-x86_64 | 0.0.8 | 116.00 | NOTE | |||
r-release-windows-x86_64 | 0.0.8 | 117.00 | 126.00 | 243.00 | NOTE | |
r-oldrel-macos-arm64 | 0.0.8 | 56.00 | NOTE | |||
r-oldrel-windows-x86_64 | 0.0.8 | 103.00 | 105.00 | 208.00 | NOTE |
Version: 0.0.8
Check: C++ specification
Result: NOTE
Specified C++11: please drop specification unless essential
Flavors: r-devel-linux-x86_64-debian-clang, r-devel-linux-x86_64-debian-gcc, r-devel-linux-x86_64-fedora-clang, r-devel-linux-x86_64-fedora-gcc, r-prerel-macos-arm64, r-prerel-windows-x86_64, r-patched-linux-x86_64, r-release-linux-x86_64, r-release-macos-arm64, r-release-macos-x86_64, r-release-windows-x86_64
Version: 0.0.8
Check: installed package size
Result: NOTE
installed size is 5.9Mb
sub-directories of 1Mb or more:
minizinc 3.4Mb
Flavors: r-devel-linux-x86_64-fedora-clang, r-prerel-macos-arm64, r-prerel-windows-x86_64, r-release-macos-arm64, r-release-macos-x86_64, r-release-windows-x86_64, r-oldrel-macos-arm64, r-oldrel-windows-x86_64