CRAN Package Check Results for Package rmsfuns

Last updated on 2019-10-17 23:47:14 CEST.

Flavor Version Tinstall Tcheck Ttotal Status Flags
r-devel-linux-x86_64-debian-clang 0.0.0.2 5.76 48.57 54.33 NOTE
r-devel-linux-x86_64-debian-gcc 0.0.0.2 5.60 38.04 43.64 NOTE
r-devel-linux-x86_64-fedora-clang 0.0.0.2 71.13 NOTE
r-devel-linux-x86_64-fedora-gcc 0.0.0.2 69.09 NOTE
r-devel-windows-ix86+x86_64 0.0.0.2 36.00 110.00 146.00 OK
r-patched-linux-x86_64 0.0.0.2 5.69 46.74 52.43 NOTE
r-patched-solaris-x86 0.0.0.2 104.10 NOTE
r-release-linux-x86_64 0.0.0.2 5.76 48.69 54.45 NOTE
r-release-windows-ix86+x86_64 0.0.0.2 20.00 116.00 136.00 OK
r-release-osx-x86_64 0.0.0.2 NOTE
r-oldrel-windows-ix86+x86_64 0.0.0.2 9.00 65.00 74.00 OK
r-oldrel-osx-x86_64 0.0.0.2 NOTE

Check Details

Version: 0.0.0.2
Check: dependencies in R code
Result: NOTE
    Missing or unexported object: 'base::shell.exec'
Flavors: r-devel-linux-x86_64-debian-clang, r-devel-linux-x86_64-debian-gcc, r-devel-linux-x86_64-fedora-clang, r-devel-linux-x86_64-fedora-gcc, r-patched-linux-x86_64, r-patched-solaris-x86, r-release-linux-x86_64, r-release-osx-x86_64, r-oldrel-osx-x86_64