Last updated on 2023-03-22 05:52:37 CET.
Flavor | Version | Tinstall | Tcheck | Ttotal | Status | Flags |
---|---|---|---|---|---|---|
r-devel-linux-x86_64-debian-clang | 1.0.0.1 | 6.19 | 48.19 | 54.38 | NOTE | |
r-devel-linux-x86_64-debian-gcc | 1.0.0.1 | 4.34 | 36.94 | 41.28 | NOTE | |
r-devel-linux-x86_64-fedora-clang | 1.0.0.1 | 71.19 | NOTE | |||
r-devel-linux-x86_64-fedora-gcc | 1.0.0.1 | 75.42 | NOTE | |||
r-patched-linux-x86_64 | 1.0.0.1 | 6.20 | 48.46 | 54.66 | NOTE | |
r-release-linux-x86_64 | 1.0.0.1 | 5.70 | 48.19 | 53.89 | NOTE | |
r-release-macos-arm64 | 1.0.0.1 | 23.00 | NOTE | |||
r-release-macos-x86_64 | 1.0.0.1 | 48.00 | NOTE | |||
r-release-windows-x86_64 | 1.0.0.1 | 14.00 | 78.00 | 92.00 | NOTE | |
r-oldrel-macos-arm64 | 1.0.0.1 | 26.00 | NOTE | |||
r-oldrel-macos-x86_64 | 1.0.0.1 | 32.00 | NOTE | |||
r-oldrel-windows-ix86+x86_64 | 1.0.0.1 | 14.00 | 74.00 | 88.00 | NOTE |
Version: 1.0.0.1
Check: LazyData
Result: NOTE
'LazyData' is specified without a 'data' directory
Flavors: r-devel-linux-x86_64-debian-clang, r-devel-linux-x86_64-debian-gcc, r-devel-linux-x86_64-fedora-clang, r-devel-linux-x86_64-fedora-gcc, r-patched-linux-x86_64, r-release-linux-x86_64, r-release-macos-arm64, r-release-macos-x86_64, r-release-windows-x86_64, r-oldrel-macos-arm64, r-oldrel-macos-x86_64, r-oldrel-windows-ix86+x86_64