Last updated on 2023-03-29 06:53:46 CEST.
Flavor | Version | Tinstall | Tcheck | Ttotal | Status | Flags |
---|---|---|---|---|---|---|
r-devel-linux-x86_64-debian-clang | 5.2.1-23 | 261.58 | 61.21 | 322.79 | NOTE | |
r-devel-linux-x86_64-debian-gcc | 5.2.1-23 | 224.71 | 46.16 | 270.87 | NOTE | |
r-devel-linux-x86_64-fedora-clang | 5.2.1-23 | 429.77 | NOTE | |||
r-devel-linux-x86_64-fedora-gcc | 5.2.1-23 | 459.25 | NOTE | |||
r-patched-linux-x86_64 | 5.2.1-23 | 226.82 | 57.40 | 284.22 | NOTE | |
r-release-linux-x86_64 | 5.2.1-23 | 217.33 | 57.45 | 274.78 | NOTE | |
r-release-macos-arm64 | 5.2.1-23 | 213.00 | NOTE | |||
r-release-macos-x86_64 | 5.2.1-23 | 181.00 | NOTE | |||
r-release-windows-x86_64 | 5.2.1-23 | 1008.00 | 138.00 | 1146.00 | NOTE | |
r-oldrel-macos-arm64 | 5.2.1-23 | 182.00 | NOTE | |||
r-oldrel-macos-x86_64 | 5.2.1-23 | 184.00 | NOTE | |||
r-oldrel-windows-ix86+x86_64 | 5.2.1-23 | 675.00 | 147.00 | 822.00 | NOTE |
Version: 5.2.1-23
Check: for GNU extensions in Makefiles
Result: NOTE
GNU make is a SystemRequirements.
Flavors: r-devel-linux-x86_64-debian-clang, r-devel-linux-x86_64-debian-gcc, r-devel-linux-x86_64-fedora-clang, r-devel-linux-x86_64-fedora-gcc, r-patched-linux-x86_64, r-release-linux-x86_64, r-release-macos-arm64, r-release-macos-x86_64, r-release-windows-x86_64, r-oldrel-macos-arm64, r-oldrel-macos-x86_64, r-oldrel-windows-ix86+x86_64
Version: 5.2.1-23
Check: installed package size
Result: NOTE
installed size is 12.4Mb
sub-directories of 1Mb or more:
libs 12.1Mb
Flavors: r-release-macos-arm64, r-release-macos-x86_64, r-oldrel-macos-arm64, r-oldrel-macos-x86_64, r-oldrel-windows-ix86+x86_64