Last updated on 2024-04-20 00:04:36 CEST.
Flavor | Version | Tinstall | Tcheck | Ttotal | Status | Flags |
---|---|---|---|---|---|---|
r-devel-linux-x86_64-debian-clang | 1.0.1 | 28.26 | 263.89 | 292.15 | NOTE | |
r-devel-linux-x86_64-debian-gcc | 1.0.1 | NOTE | ||||
r-devel-linux-x86_64-fedora-clang | 1.0.1 | 355.13 | NOTE | |||
r-devel-linux-x86_64-fedora-gcc | 1.0.1 | 351.01 | NOTE | |||
r-prerel-macos-arm64 | 1.0.1 | 91.00 | NOTE | |||
r-prerel-windows-x86_64 | 1.0.1 | 19.00 | 166.00 | 185.00 | NOTE | |
r-patched-linux-x86_64 | 1.0.1 | 20.76 | 251.46 | 272.22 | NOTE | |
r-release-linux-x86_64 | 1.0.1 | 21.36 | 242.18 | 263.54 | NOTE | |
r-release-macos-arm64 | 1.0.1 | 96.00 | NOTE | |||
r-release-macos-x86_64 | 1.0.1 | 193.00 | NOTE | |||
r-release-windows-x86_64 | 1.0.1 | 28.00 | 218.00 | 246.00 | NOTE | |
r-oldrel-macos-arm64 | 1.0.1 | 93.00 | NOTE | |||
r-oldrel-windows-x86_64 | 1.0.1 | 30.00 | 212.00 | 242.00 | NOTE |
Version: 1.0.1
Check: package dependencies
Result: NOTE
Package suggested but not available for checking: ‘rnaturalearthhires’
Flavors: r-devel-linux-x86_64-debian-clang, r-devel-linux-x86_64-debian-gcc, r-devel-linux-x86_64-fedora-clang, r-devel-linux-x86_64-fedora-gcc, r-prerel-macos-arm64, r-prerel-windows-x86_64, r-patched-linux-x86_64, r-release-linux-x86_64, r-release-macos-arm64, r-release-macos-x86_64, r-release-windows-x86_64, r-oldrel-macos-arm64, r-oldrel-windows-x86_64
Version: 1.0.1
Check: Rd cross-references
Result: NOTE
Undeclared package ‘raster’ in Rd xrefs
Flavor: r-devel-linux-x86_64-fedora-clang
Version: 1.0.1
Check: data for non-ASCII characters
Result: NOTE
Note: found 2800 marked UTF-8 strings
Flavors: r-devel-linux-x86_64-fedora-clang, r-devel-linux-x86_64-fedora-gcc