CRAN Package Check Results for Package rncl

Last updated on 2023-06-06 01:03:38 CEST.

Flavor Version Tinstall Tcheck Ttotal Status Flags
r-devel-linux-x86_64-debian-clang 0.8.7 187.18 36.22 223.40 OK
r-devel-linux-x86_64-debian-gcc 0.8.7 180.51 28.44 208.95 OK
r-devel-linux-x86_64-fedora-clang 0.8.7 356.49 OK
r-devel-linux-x86_64-fedora-gcc 0.8.7 395.35 OK
r-devel-windows-x86_64 0.8.7 153.00 81.00 234.00 OK
r-patched-linux-x86_64 0.8.7 183.67 35.52 219.19 OK
r-release-linux-x86_64 0.8.7 181.06 35.12 216.18 OK
r-release-macos-arm64 0.8.7 95.00 NOTE
r-release-macos-x86_64 0.8.7 164.00 NOTE
r-release-windows-x86_64 0.8.7 189.00 91.00 280.00 OK
r-oldrel-macos-arm64 0.8.7 92.00 NOTE
r-oldrel-macos-x86_64 0.8.7 110.00 NOTE
r-oldrel-windows-x86_64 0.8.7 173.00 88.00 261.00 OK

Check Details

Version: 0.8.7
Check: installed package size
Result: NOTE
     installed size is 22.8Mb
     sub-directories of 1Mb or more:
     libs 22.6Mb
Flavors: r-release-macos-arm64, r-release-macos-x86_64, r-oldrel-macos-arm64, r-oldrel-macos-x86_64