Last updated on 2024-08-31 23:49:14 CEST.
Flavor | Version | Tinstall | Tcheck | Ttotal | Status | Flags |
---|---|---|---|---|---|---|
r-devel-linux-x86_64-debian-clang | 0.3-3 | 2.54 | 25.29 | 27.83 | OK | |
r-devel-linux-x86_64-debian-gcc | 0.3-3 | 2.13 | 19.72 | 21.85 | OK | |
r-devel-linux-x86_64-fedora-clang | 0.3-3 | 46.58 | NOTE | |||
r-devel-linux-x86_64-fedora-gcc | 0.3-3 | 44.23 | NOTE | |||
r-devel-windows-x86_64 | 0.3-3 | 6.00 | 48.00 | 54.00 | OK | |
r-patched-linux-x86_64 | 0.3-3 | 2.46 | 24.20 | 26.66 | OK | |
r-release-linux-x86_64 | 0.3-3 | 2.71 | 24.18 | 26.89 | OK | |
r-release-macos-arm64 | 0.3-3 | 19.00 | OK | |||
r-release-macos-x86_64 | 0.3-3 | 26.00 | OK | |||
r-release-windows-x86_64 | 0.3-3 | 5.00 | 48.00 | 53.00 | OK | |
r-oldrel-macos-arm64 | 0.3-3 | 20.00 | OK | |||
r-oldrel-macos-x86_64 | 0.3-3 | 39.00 | OK | |||
r-oldrel-windows-x86_64 | 0.3-3 | 7.00 | 51.00 | 58.00 | OK |
Version: 0.3-3
Check: compiled code
Result: NOTE
File ‘rngSetSeed/libs/rngSetSeed.so’:
Found no calls to: ‘R_registerRoutines’, ‘R_useDynamicSymbols’
It is good practice to register native routines and to disable symbol
search.
See ‘Writing portable packages’ in the ‘Writing R Extensions’ manual.
Flavors: r-devel-linux-x86_64-fedora-clang, r-devel-linux-x86_64-fedora-gcc