CRAN Package Check Results for Package rnn

Last updated on 2023-03-30 13:51:52 CEST.

Flavor Version Tinstall Tcheck Ttotal Status Flags
r-devel-linux-x86_64-debian-clang 1.8.0 4.76 245.48 250.24 OK
r-devel-linux-x86_64-debian-gcc 1.8.0 3.49 166.53 170.02 OK
r-devel-linux-x86_64-fedora-clang 1.8.0 292.33 NOTE
r-devel-linux-x86_64-fedora-gcc 1.8.0 290.51 NOTE
r-patched-linux-x86_64 1.8.0 5.03 233.54 238.57 OK
r-release-linux-x86_64 1.8.0 3.09 233.78 236.87 OK
r-release-macos-arm64 1.8.0 64.00 NOTE
r-release-macos-x86_64 1.8.0 91.00 NOTE
r-release-windows-x86_64 1.8.0 27.00 261.00 288.00 OK
r-oldrel-macos-arm64 1.8.0 67.00 NOTE
r-oldrel-macos-x86_64 1.8.0 98.00 NOTE
r-oldrel-windows-ix86+x86_64 1.8.0 8.00 271.00 279.00 OK

Check Details

Version: 1.8.0
Check: dependencies in R code
Result: NOTE
    Namespace in Imports field not imported from: ‘attention’
     All declared Imports should be used.
Flavors: r-devel-linux-x86_64-fedora-clang, r-devel-linux-x86_64-fedora-gcc, r-release-macos-arm64, r-release-macos-x86_64, r-oldrel-macos-arm64, r-oldrel-macos-x86_64