CRAN Package Check Results for Package rnrfa

Last updated on 2024-06-18 05:57:46 CEST.

Flavor Version Tinstall Tcheck Ttotal Status Flags
r-devel-linux-x86_64-debian-clang 2.1.0.5 9.47 184.77 194.24 OK
r-devel-linux-x86_64-debian-gcc 2.1.0.5 8.99 138.76 147.75 OK
r-devel-linux-x86_64-fedora-clang 2.1.0.5 241.15 OK
r-devel-linux-x86_64-fedora-gcc 2.1.0.5 242.01 NOTE
r-devel-windows-x86_64 2.1.0.5 9.00 165.00 174.00 OK
r-patched-linux-x86_64 2.1.0.5 9.36 183.21 192.57 OK
r-release-linux-x86_64 2.1.0.5 8.16 177.30 185.46 OK
r-release-macos-arm64 2.1.0.5 108.00 OK
r-release-macos-x86_64 2.1.0.5 235.00 OK
r-release-windows-x86_64 2.1.0.5 10.00 164.00 174.00 OK
r-oldrel-macos-arm64 2.1.0.5 126.00 OK
r-oldrel-macos-x86_64 2.1.0.5 185.00 OK
r-oldrel-windows-x86_64 2.1.0.5 13.00 195.00 208.00 OK

Check Details

Version: 2.1.0.5
Check: for non-standard things in the check directory
Result: NOTE Found the following files/directories: ‘DT’ ‘devtools’ ‘dygraphs’ ‘leaflet’ Flavor: r-devel-linux-x86_64-fedora-gcc