CRAN Package Check Results for Package rnrfa

Last updated on 2024-02-28 17:48:38 CET.

Flavor Version Tinstall Tcheck Ttotal Status Flags
r-devel-linux-x86_64-debian-clang 2.1.0.5 11.46 180.58 192.04 OK
r-devel-linux-x86_64-debian-gcc 2.1.0.5 8.34 135.39 143.73 OK
r-devel-linux-x86_64-fedora-clang 2.1.0.5 226.86 OK
r-devel-linux-x86_64-fedora-gcc 2.1.0.5 230.55 NOTE
r-devel-windows-x86_64 2.1.0.5 9.00 165.00 174.00 OK
r-patched-linux-x86_64 2.1.0.5 8.57 179.01 187.58 OK
r-release-linux-x86_64 2.1.0.5 6.64 172.92 179.56 OK
r-release-macos-arm64 2.1.0.5 126.00 OK
r-release-macos-x86_64 2.1.0.5 185.00 OK
r-release-windows-x86_64 2.1.0.5 12.00 194.00 206.00 OK
r-oldrel-macos-arm64 2.1.0.5 129.00 OK
r-oldrel-windows-x86_64 2.1.0.5 14.00 207.00 221.00 OK

Check Details

Version: 2.1.0.5
Check: for non-standard things in the check directory
Result: NOTE Found the following files/directories: ‘DT’ ‘devtools’ ‘dygraphs’ ‘leaflet’ Flavor: r-devel-linux-x86_64-fedora-gcc