CRAN Package Check Results for Package rnrfa

Last updated on 2019-10-19 05:47:31 CEST.

Flavor Version Tinstall Tcheck Ttotal Status Flags
r-devel-linux-x86_64-debian-clang 2.0 7.60 73.64 81.24 ERROR
r-devel-linux-x86_64-debian-gcc 2.0 6.83 57.76 64.59 ERROR
r-devel-linux-x86_64-fedora-clang 2.0 101.09 OK
r-devel-linux-x86_64-fedora-gcc 2.0 99.65 OK
r-devel-windows-ix86+x86_64 2.0 38.00 155.00 193.00 OK
r-patched-linux-x86_64 2.0 6.39 71.75 78.14 ERROR
r-patched-solaris-x86 2.0 163.10 OK
r-release-linux-x86_64 2.0 7.96 72.62 80.58 ERROR
r-release-windows-ix86+x86_64 2.0 20.00 155.00 175.00 OK
r-release-osx-x86_64 2.0 OK
r-oldrel-windows-ix86+x86_64 2.0 11.00 97.00 108.00 OK
r-oldrel-osx-x86_64 2.0 OK

Check Details

Version: 2.0
Check: tests
Result: ERROR
     Running 'testthat.R' [12s/29s]
    Running the tests in 'tests/testthat.R' failed.
    Complete output:
     > library("testthat")
     > library("rnrfa")
     +--------------------------------------------------+
     | Acknowledgement: |
     | Data from the UK National River Flow Archive |
     | Terms & Conditions: |
     | http://nrfa.ceh.ac.uk/costs-terms-and-conditions |
     +--------------------------------------------------+
     > library("lintr")
     >
     > if (!curl::has_internet()) {
     + message("No internet, cannot run tests")
     + }else{
     + test_check("rnrfa")
     + }
     -- 1. Failure: vectorized version of parse_osg() returns values as before (@test
     lapply(wgs, round, digits = 4) not equal to `latslons`.
     Component "lon": Mean relative difference: 0.0005103496
     Component "lat": Mean relative difference: 6.5725e-06
    
     == testthat results ===========================================================
     [ OK: 48 | SKIPPED: 0 | WARNINGS: 0 | FAILED: 1 ]
     1. Failure: vectorized version of parse_osg() returns values as before (@test-osg_parse.R#146)
    
     Error: testthat unit tests failed
     Execution halted
Flavor: r-devel-linux-x86_64-debian-clang

Version: 2.0
Check: tests
Result: ERROR
     Running ‘testthat.R’ [10s/30s]
    Running the tests in ‘tests/testthat.R’ failed.
    Complete output:
     > library("testthat")
     > library("rnrfa")
     +--------------------------------------------------+
     | Acknowledgement: |
     | Data from the UK National River Flow Archive |
     | Terms & Conditions: |
     | http://nrfa.ceh.ac.uk/costs-terms-and-conditions |
     +--------------------------------------------------+
     > library("lintr")
     >
     > if (!curl::has_internet()) {
     + message("No internet, cannot run tests")
     + }else{
     + test_check("rnrfa")
     + }
     ── 1. Failure: vectorized version of parse_osg() returns values as before (@test
     lapply(wgs, round, digits = 4) not equal to `latslons`.
     Component "lon": Mean relative difference: 0.0005103496
     Component "lat": Mean relative difference: 6.5725e-06
    
     ══ testthat results ═══════════════════════════════════════════════════════════
     [ OK: 48 | SKIPPED: 0 | WARNINGS: 0 | FAILED: 1 ]
     1. Failure: vectorized version of parse_osg() returns values as before (@test-osg_parse.R#146)
    
     Error: testthat unit tests failed
     Execution halted
Flavor: r-devel-linux-x86_64-debian-gcc

Version: 2.0
Check: tests
Result: ERROR
     Running ‘testthat.R’ [13s/30s]
    Running the tests in ‘tests/testthat.R’ failed.
    Complete output:
     > library("testthat")
     > library("rnrfa")
     +--------------------------------------------------+
     | Acknowledgement: |
     | Data from the UK National River Flow Archive |
     | Terms & Conditions: |
     | http://nrfa.ceh.ac.uk/costs-terms-and-conditions |
     +--------------------------------------------------+
     > library("lintr")
     >
     > if (!curl::has_internet()) {
     + message("No internet, cannot run tests")
     + }else{
     + test_check("rnrfa")
     + }
     ── 1. Failure: vectorized version of parse_osg() returns values as before (@test
     lapply(wgs, round, digits = 4) not equal to `latslons`.
     Component "lon": Mean relative difference: 0.0005103496
     Component "lat": Mean relative difference: 6.5725e-06
    
     ══ testthat results ═══════════════════════════════════════════════════════════
     [ OK: 48 | SKIPPED: 0 | WARNINGS: 0 | FAILED: 1 ]
     1. Failure: vectorized version of parse_osg() returns values as before (@test-osg_parse.R#146)
    
     Error: testthat unit tests failed
     Execution halted
Flavor: r-patched-linux-x86_64

Version: 2.0
Check: tests
Result: ERROR
     Running ‘testthat.R’ [13s/29s]
    Running the tests in ‘tests/testthat.R’ failed.
    Complete output:
     > library("testthat")
     > library("rnrfa")
     +--------------------------------------------------+
     | Acknowledgement: |
     | Data from the UK National River Flow Archive |
     | Terms & Conditions: |
     | http://nrfa.ceh.ac.uk/costs-terms-and-conditions |
     +--------------------------------------------------+
     > library("lintr")
     >
     > if (!curl::has_internet()) {
     + message("No internet, cannot run tests")
     + }else{
     + test_check("rnrfa")
     + }
     ── 1. Failure: vectorized version of parse_osg() returns values as before (@test
     lapply(wgs, round, digits = 4) not equal to `latslons`.
     Component "lon": Mean relative difference: 0.0005103496
     Component "lat": Mean relative difference: 6.5725e-06
    
     ══ testthat results ═══════════════════════════════════════════════════════════
     [ OK: 48 | SKIPPED: 0 | WARNINGS: 0 | FAILED: 1 ]
     1. Failure: vectorized version of parse_osg() returns values as before (@test-osg_parse.R#146)
    
     Error: testthat unit tests failed
     Execution halted
Flavor: r-release-linux-x86_64