Last updated on 2024-04-24 12:56:45 CEST.
Flavor | Version | Tinstall | Tcheck | Ttotal | Status | Flags |
---|---|---|---|---|---|---|
r-devel-linux-x86_64-debian-clang | 2.11.3 | 10.16 | 92.93 | 103.09 | OK | |
r-devel-linux-x86_64-debian-gcc | 2.11.3 | 7.87 | 71.57 | 79.44 | OK | |
r-devel-linux-x86_64-fedora-clang | 2.11.3 | 134.97 | NOTE | |||
r-devel-linux-x86_64-fedora-gcc | 2.11.3 | 135.55 | NOTE | |||
r-devel-windows-x86_64 | 2.11.3 | 10.00 | 96.00 | 106.00 | OK | |
r-patched-linux-x86_64 | 2.11.3 | 9.55 | 90.73 | 100.28 | OK | |
r-release-linux-x86_64 | 2.11.3 | 6.25 | 90.71 | 96.96 | OK | |
r-release-macos-arm64 | 2.11.3 | 59.00 | OK | |||
r-release-windows-x86_64 | 2.11.3 | 11.00 | 91.00 | 102.00 | OK | |
r-oldrel-macos-arm64 | 2.11.3 | 53.00 | NOTE | |||
r-oldrel-macos-x86_64 | 2.11.3 | 81.00 | OK | |||
r-oldrel-windows-x86_64 | 2.11.3 | 13.00 | 117.00 | 130.00 | OK |
Version: 2.11.3
Check: dependencies in R code
Result: NOTE
Namespace in Imports field not imported from: ‘memoise’
All declared Imports should be used.
Flavors: r-devel-linux-x86_64-fedora-clang, r-devel-linux-x86_64-fedora-gcc, r-oldrel-macos-arm64