Last updated on 2024-08-16 11:49:50 CEST.
Flavor | Version | Tinstall | Tcheck | Ttotal | Status | Flags |
---|---|---|---|---|---|---|
r-devel-linux-x86_64-debian-clang | 0.7.13 | 2.29 | 37.11 | 39.40 | NOTE | |
r-devel-linux-x86_64-debian-gcc | 0.7.13 | 1.86 | 26.80 | 28.66 | NOTE | |
r-devel-linux-x86_64-fedora-clang | 0.7.13 | 60.12 | ERROR | |||
r-devel-linux-x86_64-fedora-gcc | 0.7.13 | 73.17 | NOTE | |||
r-devel-windows-x86_64 | 0.7.13 | 5.00 | 61.00 | 66.00 | NOTE | |
r-patched-linux-x86_64 | 0.7.13 | 2.97 | 35.09 | 38.06 | NOTE | |
r-release-linux-x86_64 | 0.7.13 | 2.44 | 36.04 | 38.48 | NOTE | |
r-release-macos-arm64 | 0.7.13 | 30.00 | NOTE | |||
r-release-macos-x86_64 | 0.7.13 | 49.00 | NOTE | |||
r-release-windows-x86_64 | 0.7.13 | 5.00 | 61.00 | 66.00 | NOTE | |
r-oldrel-macos-arm64 | 0.7.13 | 31.00 | NOTE | |||
r-oldrel-macos-x86_64 | 0.7.13 | 45.00 | NOTE | |||
r-oldrel-windows-x86_64 | 0.7.13 | 5.00 | 66.00 | 71.00 | NOTE |
Version: 0.7.13
Check: LazyData
Result: NOTE
'LazyData' is specified without a 'data' directory
Flavors: r-devel-linux-x86_64-debian-clang, r-devel-linux-x86_64-debian-gcc, r-devel-linux-x86_64-fedora-clang, r-devel-linux-x86_64-fedora-gcc, r-devel-windows-x86_64, r-patched-linux-x86_64, r-release-linux-x86_64, r-release-macos-arm64, r-release-macos-x86_64, r-release-windows-x86_64, r-oldrel-macos-arm64, r-oldrel-macos-x86_64, r-oldrel-windows-x86_64
Version: 0.7.13
Check: dependencies in R code
Result: NOTE
Namespace in Imports field not imported from: ‘future’
All declared Imports should be used.
Flavors: r-devel-linux-x86_64-fedora-clang, r-devel-linux-x86_64-fedora-gcc
Version: 0.7.13
Check: re-building of vignette outputs
Result: ERROR
Error(s) in re-building vignettes:
--- re-building ‘using_robotstxt.Rmd’ using rmarkdown
Quitting from lines 51-54 [unnamed-chunk-1] (using_robotstxt.Rmd)
Error: processing vignette 'using_robotstxt.Rmd' failed with diagnostics:
Timeout was reached: [google.com] Failed to connect to google.com port 80 after 5208 ms: Connection timed out
--- failed re-building ‘using_robotstxt.Rmd’
SUMMARY: processing the following file failed:
‘using_robotstxt.Rmd’
Error: Vignette re-building failed.
Execution halted
Flavor: r-devel-linux-x86_64-fedora-clang